{"id":868,"date":"2020-07-11T12:10:39","date_gmt":"2020-07-11T12:10:39","guid":{"rendered":"https:\/\/kad.al\/?post_type=product&#038;p=868"},"modified":"2020-07-17T09:30:21","modified_gmt":"2020-07-17T09:30:21","slug":"nje-flete-nga-ditari-im","status":"publish","type":"product","link":"https:\/\/kad.al\/index.php\/product\/nje-flete-nga-ditari-im\/","title":{"rendered":"NJ\u00cb FLET\u00cb NGA DITARI IM"},"content":{"rendered":"","protected":false},"excerpt":{"rendered":"<p><strong>NJ\u00cb FLET\u00cb NGA DITARI IM<\/strong><\/p>\n<p><b><i>Etleva Kupsi<\/i><\/b><\/p>\n<p>ISBN 978-9928-438-19-5<\/p>\n<p>\u00c7mimi 500 Lek\u00eb \/ 4\u00a0\u20ac<\/p>\n<p>Poezi nga autorja e re Etleva Kupsi<\/p>\n<p>&nbsp;<\/p>\n","protected":false},"featured_media":869,"template":"","meta":[],"product_brand":[],"product_cat":[24],"product_tag":[],"class_list":{"0":"post-868","1":"product","2":"type-product","3":"status-publish","4":"has-post-thumbnail","6":"product_cat-poezi","7":"description-off","9":"first","10":"instock","11":"shipping-taxable","12":"product-type-simple"},"_links":{"self":[{"href":"https:\/\/kad.al\/index.php\/wp-json\/wp\/v2\/product\/868","targetHints":{"allow":["GET"]}}],"collection":[{"href":"https:\/\/kad.al\/index.php\/wp-json\/wp\/v2\/product"}],"about":[{"href":"https:\/\/kad.al\/index.php\/wp-json\/wp\/v2\/types\/product"}],"wp:featuredmedia":[{"embeddable":true,"href":"https:\/\/kad.al\/index.php\/wp-json\/wp\/v2\/media\/869"}],"wp:attachment":[{"href":"https:\/\/kad.al\/index.php\/wp-json\/wp\/v2\/media?parent=868"}],"wp:term":[{"taxonomy":"product_brand","embeddable":true,"href":"https:\/\/kad.al\/index.php\/wp-json\/wp\/v2\/product_brand?post=868"},{"taxonomy":"product_cat","embeddable":true,"href":"https:\/\/kad.al\/index.php\/wp-json\/wp\/v2\/product_cat?post=868"},{"taxonomy":"product_tag","embeddable":true,"href":"https:\/\/kad.al\/index.php\/wp-json\/wp\/v2\/product_tag?post=868"}],"curies":[{"name":"wp","href":"https:\/\/api.w.org\/{rel}","templated":true}]}}