{"id":815,"date":"2020-07-11T09:27:33","date_gmt":"2020-07-11T09:27:33","guid":{"rendered":"https:\/\/kad.al\/?post_type=product&#038;p=815"},"modified":"2025-07-07T08:56:32","modified_gmt":"2025-07-07T08:56:32","slug":"lufta-e-koplikut","status":"publish","type":"product","link":"https:\/\/kad.al\/index.php\/product\/lufta-e-koplikut\/","title":{"rendered":"LUFTA E KOPLIKUT"},"content":{"rendered":"","protected":false},"excerpt":{"rendered":"<p><strong>LUFTA E KOPLIKUT<\/strong><\/p>\n<p><strong><em>Giuseppe Kotori<\/em><\/strong><\/p>\n<p>ISBN 978-9928-189-07-3<\/p>\n<p>\u00c7mimi 600 Lek\u00eb<\/p>\n<p>Nj\u00eb lib\u00ebr ku flitet p\u00ebr nj\u00eb pjes\u00eb t\u00eb historis\u00eb s\u00eb Shqip\u00ebris\u00eb<\/p>\n","protected":false},"featured_media":816,"template":"","meta":[],"product_brand":[],"product_cat":[22],"product_tag":[],"class_list":{"0":"post-815","1":"product","2":"type-product","3":"status-publish","4":"has-post-thumbnail","6":"product_cat-histori","7":"description-off","9":"first","10":"instock","11":"shipping-taxable","12":"product-type-simple"},"_links":{"self":[{"href":"https:\/\/kad.al\/index.php\/wp-json\/wp\/v2\/product\/815","targetHints":{"allow":["GET"]}}],"collection":[{"href":"https:\/\/kad.al\/index.php\/wp-json\/wp\/v2\/product"}],"about":[{"href":"https:\/\/kad.al\/index.php\/wp-json\/wp\/v2\/types\/product"}],"wp:featuredmedia":[{"embeddable":true,"href":"https:\/\/kad.al\/index.php\/wp-json\/wp\/v2\/media\/816"}],"wp:attachment":[{"href":"https:\/\/kad.al\/index.php\/wp-json\/wp\/v2\/media?parent=815"}],"wp:term":[{"taxonomy":"product_brand","embeddable":true,"href":"https:\/\/kad.al\/index.php\/wp-json\/wp\/v2\/product_brand?post=815"},{"taxonomy":"product_cat","embeddable":true,"href":"https:\/\/kad.al\/index.php\/wp-json\/wp\/v2\/product_cat?post=815"},{"taxonomy":"product_tag","embeddable":true,"href":"https:\/\/kad.al\/index.php\/wp-json\/wp\/v2\/product_tag?post=815"}],"curies":[{"name":"wp","href":"https:\/\/api.w.org\/{rel}","templated":true}]}}