{"id":515,"date":"2020-07-06T15:22:47","date_gmt":"2020-07-06T15:22:47","guid":{"rendered":"https:\/\/kad.al\/?post_type=product&#038;p=515"},"modified":"2020-07-17T10:19:23","modified_gmt":"2020-07-17T10:19:23","slug":"poezi","status":"publish","type":"product","link":"https:\/\/kad.al\/index.php\/product\/poezi\/","title":{"rendered":"POEZI"},"content":{"rendered":"","protected":false},"excerpt":{"rendered":"<p><strong>POEZI<\/strong><\/p>\n<p><strong><em>Maram Al Masri<\/em><\/strong><\/p>\n<p>ISBN 978 &#8211; 9928 &#8211; 317 &#8211; 11 &#8211; 7<\/p>\n<p>\u00c7mimi 1000 Lek\u00eb \/ 8\u00a0\u20ac<\/p>\n<p>Botimet Jozef sjell autoren siriane\u00a0me banim n\u00eb Franc\u00eb, Maram Al Masri.<br \/>\nNj\u00eb kolan\u00eb me poezi t\u00eb mrekullueshme.<\/p>\n<p>P\u00ebrkthyer nga Maks Rakipaj<\/p>\n<p>&nbsp;<\/p>\n","protected":false},"featured_media":461,"template":"","meta":[],"product_brand":[],"product_cat":[24],"product_tag":[],"class_list":{"0":"post-515","1":"product","2":"type-product","3":"status-publish","4":"has-post-thumbnail","6":"product_cat-poezi","7":"description-off","9":"first","10":"instock","11":"shipping-taxable","12":"product-type-simple"},"_links":{"self":[{"href":"https:\/\/kad.al\/index.php\/wp-json\/wp\/v2\/product\/515","targetHints":{"allow":["GET"]}}],"collection":[{"href":"https:\/\/kad.al\/index.php\/wp-json\/wp\/v2\/product"}],"about":[{"href":"https:\/\/kad.al\/index.php\/wp-json\/wp\/v2\/types\/product"}],"wp:featuredmedia":[{"embeddable":true,"href":"https:\/\/kad.al\/index.php\/wp-json\/wp\/v2\/media\/461"}],"wp:attachment":[{"href":"https:\/\/kad.al\/index.php\/wp-json\/wp\/v2\/media?parent=515"}],"wp:term":[{"taxonomy":"product_brand","embeddable":true,"href":"https:\/\/kad.al\/index.php\/wp-json\/wp\/v2\/product_brand?post=515"},{"taxonomy":"product_cat","embeddable":true,"href":"https:\/\/kad.al\/index.php\/wp-json\/wp\/v2\/product_cat?post=515"},{"taxonomy":"product_tag","embeddable":true,"href":"https:\/\/kad.al\/index.php\/wp-json\/wp\/v2\/product_tag?post=515"}],"curies":[{"name":"wp","href":"https:\/\/api.w.org\/{rel}","templated":true}]}}