{"id":510,"date":"2020-07-06T14:58:48","date_gmt":"2020-07-06T14:58:48","guid":{"rendered":"https:\/\/kad.al\/?post_type=product&#038;p=510"},"modified":"2025-07-07T08:51:10","modified_gmt":"2025-07-07T08:51:10","slug":"historia-e-durresit","status":"publish","type":"product","link":"https:\/\/kad.al\/index.php\/product\/historia-e-durresit\/","title":{"rendered":"HISTORIA E DURR\u00cbSIT"},"content":{"rendered":"","protected":false},"excerpt":{"rendered":"<p><strong>HISTORIA E DURR\u00cbSIT<\/strong><\/p>\n<p><strong><em>Hava Hidri \/ Sali Hidri<\/em><\/strong><\/p>\n<p>ISBN 978 &#8211; 9928 &#8211; 4128 &#8211; 3 &#8211; 6<\/p>\n<p>\u00c7mimi 1200 Lek\u00eb<\/p>\n<p>Libri \u00ebsht\u00eb shkruar nga dy studiues\u00a0t\u00eb mir\u00ebnjohur Hava dhe Sali Hidri.<\/p>\n<p>N\u00eb t\u00eb jepet informacion i gjer\u00eb mbi historikun e qytetitnga lasht\u00ebsia deri n\u00eb dit\u00ebt e sotme.<\/p>\n<p>&nbsp;<\/p>\n<p>&nbsp;<\/p>\n","protected":false},"featured_media":466,"template":"","meta":[],"product_brand":[],"product_cat":[22],"product_tag":[],"class_list":{"0":"post-510","1":"product","2":"type-product","3":"status-publish","4":"has-post-thumbnail","6":"product_cat-histori","7":"description-off","9":"first","10":"instock","11":"shipping-taxable","12":"product-type-simple"},"_links":{"self":[{"href":"https:\/\/kad.al\/index.php\/wp-json\/wp\/v2\/product\/510","targetHints":{"allow":["GET"]}}],"collection":[{"href":"https:\/\/kad.al\/index.php\/wp-json\/wp\/v2\/product"}],"about":[{"href":"https:\/\/kad.al\/index.php\/wp-json\/wp\/v2\/types\/product"}],"wp:featuredmedia":[{"embeddable":true,"href":"https:\/\/kad.al\/index.php\/wp-json\/wp\/v2\/media\/466"}],"wp:attachment":[{"href":"https:\/\/kad.al\/index.php\/wp-json\/wp\/v2\/media?parent=510"}],"wp:term":[{"taxonomy":"product_brand","embeddable":true,"href":"https:\/\/kad.al\/index.php\/wp-json\/wp\/v2\/product_brand?post=510"},{"taxonomy":"product_cat","embeddable":true,"href":"https:\/\/kad.al\/index.php\/wp-json\/wp\/v2\/product_cat?post=510"},{"taxonomy":"product_tag","embeddable":true,"href":"https:\/\/kad.al\/index.php\/wp-json\/wp\/v2\/product_tag?post=510"}],"curies":[{"name":"wp","href":"https:\/\/api.w.org\/{rel}","templated":true}]}}