{"id":500,"date":"2020-07-06T11:00:44","date_gmt":"2020-07-06T11:00:44","guid":{"rendered":"https:\/\/kad.al\/?post_type=product&#038;p=500"},"modified":"2020-07-10T14:52:12","modified_gmt":"2020-07-10T14:52:12","slug":"deshiroj-nje-kishe-te-varfer-dhe-per-te-varferit","status":"publish","type":"product","link":"https:\/\/kad.al\/index.php\/product\/deshiroj-nje-kishe-te-varfer-dhe-per-te-varferit\/","title":{"rendered":"D\u00cbSHIROJ NJ\u00cb KISH\u00cb T\u00cb VARF\u00cbR DHE P\u00cbR T\u00cb VARF\u00cbRIT"},"content":{"rendered":"","protected":false},"excerpt":{"rendered":"<p><strong>D\u00cbSHIROJ NJ\u00cb KISH\u00cb T\u00cb VARF\u00cbR DHE P\u00cbR T\u00cb VARF\u00cbRIT<\/strong><\/p>\n<p><em><strong>Intervist\u00eb me pap\u00ebn Fran\u00e7esk I<\/strong><\/em><br \/>\nISBN 978 9928 4203 3 0<\/p>\n","protected":false},"featured_media":785,"template":"","meta":[],"product_brand":[],"product_cat":[21],"product_tag":[],"class_list":{"0":"post-500","1":"product","2":"type-product","3":"status-publish","4":"has-post-thumbnail","6":"product_cat-studime-shkencore-dhe-monografi","7":"description-off","9":"first","10":"instock","11":"shipping-taxable","12":"product-type-simple"},"_links":{"self":[{"href":"https:\/\/kad.al\/index.php\/wp-json\/wp\/v2\/product\/500","targetHints":{"allow":["GET"]}}],"collection":[{"href":"https:\/\/kad.al\/index.php\/wp-json\/wp\/v2\/product"}],"about":[{"href":"https:\/\/kad.al\/index.php\/wp-json\/wp\/v2\/types\/product"}],"wp:featuredmedia":[{"embeddable":true,"href":"https:\/\/kad.al\/index.php\/wp-json\/wp\/v2\/media\/785"}],"wp:attachment":[{"href":"https:\/\/kad.al\/index.php\/wp-json\/wp\/v2\/media?parent=500"}],"wp:term":[{"taxonomy":"product_brand","embeddable":true,"href":"https:\/\/kad.al\/index.php\/wp-json\/wp\/v2\/product_brand?post=500"},{"taxonomy":"product_cat","embeddable":true,"href":"https:\/\/kad.al\/index.php\/wp-json\/wp\/v2\/product_cat?post=500"},{"taxonomy":"product_tag","embeddable":true,"href":"https:\/\/kad.al\/index.php\/wp-json\/wp\/v2\/product_tag?post=500"}],"curies":[{"name":"wp","href":"https:\/\/api.w.org\/{rel}","templated":true}]}}