{"id":2756,"date":"2026-03-31T10:59:28","date_gmt":"2026-03-31T10:59:28","guid":{"rendered":"https:\/\/kad.al\/?post_type=product&#038;p=2756"},"modified":"2026-03-31T11:06:16","modified_gmt":"2026-03-31T11:06:16","slug":"mbi-pjesemarrjen-e-katolikeve-ne-politike","status":"publish","type":"product","link":"https:\/\/kad.al\/index.php\/product\/mbi-pjesemarrjen-e-katolikeve-ne-politike\/","title":{"rendered":"MBI PJES\u00cbMARRJEN E KATOLIK\u00cbVE N\u00cb POLITIK\u00cb"},"content":{"rendered":"","protected":false},"excerpt":{"rendered":"<div class=\"flex w-full flex-col gap-1 empty:hidden first:pt-[3px]\">\n<p><strong>MBI PJES\u00cbMARRJEN E KATOLIK\u00cbVE N\u00cb POLITIK\u00cb<\/strong><\/p>\n<p>Kardinal Joseph Ratzinger<\/p>\n<p data-start=\"107\" data-end=\"129\">ISBN 978-9928-941-97-8<\/p>\n<p data-start=\"131\" data-end=\"140\">50 faqe<\/p>\n<p>P\u00ebrktheu: Albert Bikaj<\/p>\n<p>P\u00ebrkthimi i k\u00ebtij dokumenti nga z. Albert Bikaj \u00ebsht\u00eb nj\u00eb kontribut shum\u00eb i vlefsh\u00ebm jo vet\u00ebm p\u00ebr deputetet katolik\u00eb, por edhe p\u00ebr t\u00eb gjith\u00eb politikan\u00ebt q\u00eb jan\u00eb t\u00eb bindur se nuk mund t\u00eb pranosh nj\u00eb sistem politik q\u00eb heq dor\u00eb nga dimensioni moral i profesionit t\u00eb atyre q\u00eb kan\u00eb p\u00ebrgjegj\u00ebsi p\u00ebr mir\u00ebqenien integrale t\u00eb njeriut.<\/p>\n<p><em>\u00a0 <strong>Mons. George Frendo O.P.<\/strong><\/em><\/p>\n<p>Arqipeshk\u00ebv Emerit i Tiran\u00eb-Durr\u00ebsit<\/p>\n<\/div>\n","protected":false},"featured_media":2757,"template":"","meta":[],"product_brand":[],"product_cat":[21],"product_tag":[],"class_list":{"0":"post-2756","1":"product","2":"type-product","3":"status-publish","4":"has-post-thumbnail","6":"product_cat-studime-shkencore-dhe-monografi","7":"description-off","9":"first","10":"instock","11":"shipping-taxable","12":"product-type-simple"},"_links":{"self":[{"href":"https:\/\/kad.al\/index.php\/wp-json\/wp\/v2\/product\/2756","targetHints":{"allow":["GET"]}}],"collection":[{"href":"https:\/\/kad.al\/index.php\/wp-json\/wp\/v2\/product"}],"about":[{"href":"https:\/\/kad.al\/index.php\/wp-json\/wp\/v2\/types\/product"}],"wp:featuredmedia":[{"embeddable":true,"href":"https:\/\/kad.al\/index.php\/wp-json\/wp\/v2\/media\/2757"}],"wp:attachment":[{"href":"https:\/\/kad.al\/index.php\/wp-json\/wp\/v2\/media?parent=2756"}],"wp:term":[{"taxonomy":"product_brand","embeddable":true,"href":"https:\/\/kad.al\/index.php\/wp-json\/wp\/v2\/product_brand?post=2756"},{"taxonomy":"product_cat","embeddable":true,"href":"https:\/\/kad.al\/index.php\/wp-json\/wp\/v2\/product_cat?post=2756"},{"taxonomy":"product_tag","embeddable":true,"href":"https:\/\/kad.al\/index.php\/wp-json\/wp\/v2\/product_tag?post=2756"}],"curies":[{"name":"wp","href":"https:\/\/api.w.org\/{rel}","templated":true}]}}