{"id":2734,"date":"2026-03-19T10:57:08","date_gmt":"2026-03-19T10:57:08","guid":{"rendered":"https:\/\/kad.al\/?post_type=product&#038;p=2734"},"modified":"2026-03-19T10:58:21","modified_gmt":"2026-03-19T10:58:21","slug":"the-arbereshe-of-italy-and-the-albanian-national-cause","status":"publish","type":"product","link":"https:\/\/kad.al\/index.php\/product\/the-arbereshe-of-italy-and-the-albanian-national-cause\/?lang=en","title":{"rendered":"THE ARB\u00cbRESH\u00cb OF ITALY AND THE ALBANIAN NATIONAL CAUSE"},"content":{"rendered":"","protected":false},"excerpt":{"rendered":"<p data-start=\"0\" data-end=\"58\"><strong data-start=\"0\" data-end=\"58\">THE ARB\u00cbRESH\u00cb OF ITALY AND THE ALBANIAN NATIONAL CAUSE<\/strong><\/p>\n<p data-start=\"60\" data-end=\"73\">Denisa Tare<\/p>\n<p data-start=\"75\" data-end=\"96\">ISBN: 9789928941794<\/p>\n<p data-start=\"98\" data-end=\"116\">Price: 1500 Lek\u00eb<\/p>\n<p data-start=\"118\" data-end=\"129\">406 pages<\/p>\n<p data-start=\"131\" data-end=\"497\" data-is-last-node=\"\" data-is-only-node=\"\">This book explores the relationship between the Arb\u00ebresh\u00eb community in Italy and the Albanian national cause from 1818 to 1912. The Arb\u00ebresh\u00eb are an ethnic Albanian group who settled in Italy after leaving Albania in the 15th century following the Ottoman invasion. Throughout this period, they maintained their Albanian identity and preserved their native language<\/p>\n","protected":false},"featured_media":2733,"template":"","meta":[],"product_brand":[],"product_cat":[32],"product_tag":[],"class_list":{"0":"post-2734","1":"product","2":"type-product","3":"status-publish","4":"has-post-thumbnail","6":"product_cat-scientific-studies-and-monographs","7":"description-off","9":"first","10":"instock","11":"shipping-taxable","12":"product-type-simple"},"_links":{"self":[{"href":"https:\/\/kad.al\/index.php\/wp-json\/wp\/v2\/product\/2734","targetHints":{"allow":["GET"]}}],"collection":[{"href":"https:\/\/kad.al\/index.php\/wp-json\/wp\/v2\/product"}],"about":[{"href":"https:\/\/kad.al\/index.php\/wp-json\/wp\/v2\/types\/product"}],"wp:featuredmedia":[{"embeddable":true,"href":"https:\/\/kad.al\/index.php\/wp-json\/wp\/v2\/media\/2733"}],"wp:attachment":[{"href":"https:\/\/kad.al\/index.php\/wp-json\/wp\/v2\/media?parent=2734"}],"wp:term":[{"taxonomy":"product_brand","embeddable":true,"href":"https:\/\/kad.al\/index.php\/wp-json\/wp\/v2\/product_brand?post=2734"},{"taxonomy":"product_cat","embeddable":true,"href":"https:\/\/kad.al\/index.php\/wp-json\/wp\/v2\/product_cat?post=2734"},{"taxonomy":"product_tag","embeddable":true,"href":"https:\/\/kad.al\/index.php\/wp-json\/wp\/v2\/product_tag?post=2734"}],"curies":[{"name":"wp","href":"https:\/\/api.w.org\/{rel}","templated":true}]}}