{"id":2655,"date":"2026-01-23T12:22:56","date_gmt":"2026-01-23T12:22:56","guid":{"rendered":"https:\/\/kad.al\/?post_type=product&#038;p=2655"},"modified":"2026-03-06T14:58:45","modified_gmt":"2026-03-06T14:58:45","slug":"aleksander-moisiu-ne-shtypin-e-huaj-te-kohes-1912-1990","status":"publish","type":"product","link":"https:\/\/kad.al\/index.php\/product\/aleksander-moisiu-ne-shtypin-e-huaj-te-kohes-1912-1990\/","title":{"rendered":"ALEKSAND\u00cbR MOISIU &#8211; N\u00cb SHTYPIN E HUAJ T\u00cb KOH\u00cbS  (1912 &#8211; 1990)"},"content":{"rendered":"","protected":false},"excerpt":{"rendered":"<p><strong>ALEKSAND\u00cbR MOISIU &#8211; N\u00cb SHTYPIN E HUAJ T\u00cb KOH\u00cbS (1912 &#8211; 1990)<\/strong><\/p>\n<p><em><strong>Aurenc Bebja<\/strong><\/em><\/p>\n<p>ISBN 978-9928-941-27-5<\/p>\n<p>\u00c7mimi 1500 Lek\u00eb<\/p>\n<p>Autor i dymb\u00ebdhjet\u00eb veprave monografike dhe studimore, tet\u00eb prej t\u00eb cilave i kushtohen figurave t\u00eb shquara t\u00eb historis\u00eb shqiptare \u2014 Ismail Qemali, Isa Boletini, Aleksand\u00ebr Moisiu, Mid\u2019hat Frash\u00ebri, Faik Konica, Ahmet Zogu dhe Geraldina Apponyi-Zogu \u2014 Aurenc Bebja \u00ebsht\u00eb themelues dhe drejtues i blogut \u201cDars (Klos) Mat \u2013 Albania\u201d q\u00eb prej vitit 2007.<\/p>\n","protected":false},"featured_media":2656,"template":"","meta":[],"product_brand":[],"product_cat":[21],"product_tag":[],"class_list":{"0":"post-2655","1":"product","2":"type-product","3":"status-publish","4":"has-post-thumbnail","6":"product_cat-studime-shkencore-dhe-monografi","7":"description-off","9":"first","10":"instock","11":"shipping-taxable","12":"product-type-simple"},"_links":{"self":[{"href":"https:\/\/kad.al\/index.php\/wp-json\/wp\/v2\/product\/2655","targetHints":{"allow":["GET"]}}],"collection":[{"href":"https:\/\/kad.al\/index.php\/wp-json\/wp\/v2\/product"}],"about":[{"href":"https:\/\/kad.al\/index.php\/wp-json\/wp\/v2\/types\/product"}],"wp:featuredmedia":[{"embeddable":true,"href":"https:\/\/kad.al\/index.php\/wp-json\/wp\/v2\/media\/2656"}],"wp:attachment":[{"href":"https:\/\/kad.al\/index.php\/wp-json\/wp\/v2\/media?parent=2655"}],"wp:term":[{"taxonomy":"product_brand","embeddable":true,"href":"https:\/\/kad.al\/index.php\/wp-json\/wp\/v2\/product_brand?post=2655"},{"taxonomy":"product_cat","embeddable":true,"href":"https:\/\/kad.al\/index.php\/wp-json\/wp\/v2\/product_cat?post=2655"},{"taxonomy":"product_tag","embeddable":true,"href":"https:\/\/kad.al\/index.php\/wp-json\/wp\/v2\/product_tag?post=2655"}],"curies":[{"name":"wp","href":"https:\/\/api.w.org\/{rel}","templated":true}]}}