{"id":2578,"date":"2025-11-24T14:59:03","date_gmt":"2025-11-24T14:59:03","guid":{"rendered":"https:\/\/kad.al\/?post_type=product&#038;p=2578"},"modified":"2025-11-24T15:09:54","modified_gmt":"2025-11-24T15:09:54","slug":"dielli-ne-perendim","status":"publish","type":"product","link":"https:\/\/kad.al\/index.php\/product\/dielli-ne-perendim\/","title":{"rendered":"DIELLI N\u00cb PER\u00cbNDIM"},"content":{"rendered":"","protected":false},"excerpt":{"rendered":"<p><strong>DIELLI N\u00cb PER\u00cbNDIM<\/strong><\/p>\n<p><em>Orlando Donfrancesco<\/em><\/p>\n<p>ISBN 9789928941459<\/p>\n<p>\u00c7mimi 1200 Lek\u00eb<\/p>\n<p>308 Faqe<\/p>\n<p>Romani \u00ebsht\u00eb botimi m\u00eb i ri i shkrimtarit italian Orlando Donfrancesco.<\/p>\n<p>P\u00ebrktheu nga origjinali Silvi Hysni Aru\u00e7i<\/p>\n","protected":false},"featured_media":2579,"template":"","meta":[],"product_brand":[],"product_cat":[23],"product_tag":[],"class_list":{"0":"post-2578","1":"product","2":"type-product","3":"status-publish","4":"has-post-thumbnail","6":"product_cat-romane-tregime-novela","7":"description-off","9":"first","10":"instock","11":"shipping-taxable","12":"product-type-simple"},"_links":{"self":[{"href":"https:\/\/kad.al\/index.php\/wp-json\/wp\/v2\/product\/2578","targetHints":{"allow":["GET"]}}],"collection":[{"href":"https:\/\/kad.al\/index.php\/wp-json\/wp\/v2\/product"}],"about":[{"href":"https:\/\/kad.al\/index.php\/wp-json\/wp\/v2\/types\/product"}],"wp:featuredmedia":[{"embeddable":true,"href":"https:\/\/kad.al\/index.php\/wp-json\/wp\/v2\/media\/2579"}],"wp:attachment":[{"href":"https:\/\/kad.al\/index.php\/wp-json\/wp\/v2\/media?parent=2578"}],"wp:term":[{"taxonomy":"product_brand","embeddable":true,"href":"https:\/\/kad.al\/index.php\/wp-json\/wp\/v2\/product_brand?post=2578"},{"taxonomy":"product_cat","embeddable":true,"href":"https:\/\/kad.al\/index.php\/wp-json\/wp\/v2\/product_cat?post=2578"},{"taxonomy":"product_tag","embeddable":true,"href":"https:\/\/kad.al\/index.php\/wp-json\/wp\/v2\/product_tag?post=2578"}],"curies":[{"name":"wp","href":"https:\/\/api.w.org\/{rel}","templated":true}]}}