{"id":2551,"date":"2025-11-18T14:36:50","date_gmt":"2025-11-18T14:36:50","guid":{"rendered":"https:\/\/kad.al\/?post_type=product&#038;p=2551"},"modified":"2025-11-18T14:44:14","modified_gmt":"2025-11-18T14:44:14","slug":"rrezohu-ngrihu-rrezohu-ngrihu","status":"publish","type":"product","link":"https:\/\/kad.al\/index.php\/product\/rrezohu-ngrihu-rrezohu-ngrihu\/","title":{"rendered":"RR\u00cbZOHU, NGRIHU, RR\u00cbZOHU, NGRIHU"},"content":{"rendered":"","protected":false},"excerpt":{"rendered":"<div class=\"flex w-full flex-col gap-1 empty:hidden first:pt-[3px]\">\n<p><strong>RR\u00cbZOHU, NGRIHU, RR\u00cbZOHU, NGRIHU<\/strong><\/p>\n<p><strong><em>Gianluigi Buffon<\/em><\/strong><\/p>\n<p>\u00c7mimi 1200 Lek\u00eb<\/p>\n<p>264 faqe<\/p>\n<p>ISBN 978-9928-940-93-3<\/p>\n<p>\u201cEmri im \u00ebsht\u00eb Gianluigi Buffon. Kam luajtur futboll deri n\u00eb mosh\u00ebn dyzet e pes\u00eb vje\u00e7, nga t\u00eb cilat nj\u00ebzet e tet\u00eb si profesionist, ku mendoj se jam hedhur n\u00eb tok\u00eb miliarda her\u00eb. Di si dhe kur t\u00eb bie. Megjithat\u00eb, si t\u00eb ngrihem, m\u00eb ka m\u00ebsuar jeta.\u201d<\/p>\n<\/div>\n","protected":false},"featured_media":2552,"template":"","meta":[],"product_brand":[],"product_cat":[26],"product_tag":[],"class_list":{"0":"post-2551","1":"product","2":"type-product","3":"status-publish","4":"has-post-thumbnail","6":"product_cat-fjalore-albume","7":"description-off","9":"first","10":"instock","11":"shipping-taxable","12":"product-type-simple"},"_links":{"self":[{"href":"https:\/\/kad.al\/index.php\/wp-json\/wp\/v2\/product\/2551","targetHints":{"allow":["GET"]}}],"collection":[{"href":"https:\/\/kad.al\/index.php\/wp-json\/wp\/v2\/product"}],"about":[{"href":"https:\/\/kad.al\/index.php\/wp-json\/wp\/v2\/types\/product"}],"wp:featuredmedia":[{"embeddable":true,"href":"https:\/\/kad.al\/index.php\/wp-json\/wp\/v2\/media\/2552"}],"wp:attachment":[{"href":"https:\/\/kad.al\/index.php\/wp-json\/wp\/v2\/media?parent=2551"}],"wp:term":[{"taxonomy":"product_brand","embeddable":true,"href":"https:\/\/kad.al\/index.php\/wp-json\/wp\/v2\/product_brand?post=2551"},{"taxonomy":"product_cat","embeddable":true,"href":"https:\/\/kad.al\/index.php\/wp-json\/wp\/v2\/product_cat?post=2551"},{"taxonomy":"product_tag","embeddable":true,"href":"https:\/\/kad.al\/index.php\/wp-json\/wp\/v2\/product_tag?post=2551"}],"curies":[{"name":"wp","href":"https:\/\/api.w.org\/{rel}","templated":true}]}}