{"id":2457,"date":"2025-05-06T13:50:26","date_gmt":"2025-05-06T13:50:26","guid":{"rendered":"https:\/\/kad.al\/?post_type=product&#038;p=2457"},"modified":"2025-05-06T13:55:57","modified_gmt":"2025-05-06T13:55:57","slug":"per-nje-shqiperi-europiane","status":"publish","type":"product","link":"https:\/\/kad.al\/index.php\/product\/per-nje-shqiperi-europiane\/","title":{"rendered":"P\u00cbR NJ\u00cb SHQIP\u00cbRI EUROPIANE"},"content":{"rendered":"","protected":false},"excerpt":{"rendered":"<div class=\"flex w-full flex-col gap-1 empty:hidden first:pt-[3px]\">\n<p><strong>P\u00cbR NJ\u00cb SHQIP\u00cbRI EUROPIANE<\/strong><br \/>\nFaik Konica<\/p>\n<p>P\u00ebrgatiti Fotaq Andrea<\/p>\n<p>ISBN 978-9928-940-35-3<br data-start=\"113\" data-end=\"116\" \/>\u00c7mimi 3000\u00a0 Lek\u00eb \/\u00a0 30 \u20ac<\/p>\n<p>918 faqe<\/p>\n<\/div>\n<div class=\"flex w-full flex-col gap-1 empty:hidden first:pt-[3px]\">&#8220;Parandjej, n\u00eb agimin e s\u00eb nes\u00ebrmes, nj\u00eb Shqip\u00ebri t\u00eb lul\u00ebzuar dhe intelektuale, ku do vibroj\u00eb nj\u00eb rini kureshtare, e dh\u00ebn\u00eb pas artit, bukuris\u00eb, pun\u00ebs. Ata shqiptar\u00eb t\u00eb rinj do din\u00eb t&#8217;i gjykojn\u00eb me drejt\u00ebsi e zem\u00ebrgjer\u00ebsi p\u00ebrpjekjet tona. Do t\u00eb shqyrtojn\u00eb me krejt burimet e dokumentacionit dhe t\u00eb kritik\u00ebs \u00e7ka ishte gjuha jon\u00eb dje dhe \u00e7ka do t\u00eb jet\u00eb gjuha e tyre nes\u00ebr, gjuha ku do p\u00ebrmbledhin mendimet apo \u00ebndrrat e tyre; dhe asaj gjuhe &#8211; sa muskuloze aq edhe t\u00eb brisht\u00eb do t&#8217;i k\u00ebrkojn\u00eb dat\u00ebn e lindjes dhe do din\u00eb ta p\u00ebrcaktojn\u00eb.&#8221;<\/div>\n<div class=\"flex w-full flex-col gap-1 empty:hidden first:pt-[3px]\"><strong>Faik Konica, Albania, viti II, 1898. <\/strong><\/div>\n","protected":false},"featured_media":2458,"template":"","meta":[],"product_brand":[],"product_cat":[26],"product_tag":[],"class_list":{"0":"post-2457","1":"product","2":"type-product","3":"status-publish","4":"has-post-thumbnail","6":"product_cat-fjalore-albume","7":"description-off","9":"first","10":"instock","11":"shipping-taxable","12":"product-type-simple"},"_links":{"self":[{"href":"https:\/\/kad.al\/index.php\/wp-json\/wp\/v2\/product\/2457","targetHints":{"allow":["GET"]}}],"collection":[{"href":"https:\/\/kad.al\/index.php\/wp-json\/wp\/v2\/product"}],"about":[{"href":"https:\/\/kad.al\/index.php\/wp-json\/wp\/v2\/types\/product"}],"wp:featuredmedia":[{"embeddable":true,"href":"https:\/\/kad.al\/index.php\/wp-json\/wp\/v2\/media\/2458"}],"wp:attachment":[{"href":"https:\/\/kad.al\/index.php\/wp-json\/wp\/v2\/media?parent=2457"}],"wp:term":[{"taxonomy":"product_brand","embeddable":true,"href":"https:\/\/kad.al\/index.php\/wp-json\/wp\/v2\/product_brand?post=2457"},{"taxonomy":"product_cat","embeddable":true,"href":"https:\/\/kad.al\/index.php\/wp-json\/wp\/v2\/product_cat?post=2457"},{"taxonomy":"product_tag","embeddable":true,"href":"https:\/\/kad.al\/index.php\/wp-json\/wp\/v2\/product_tag?post=2457"}],"curies":[{"name":"wp","href":"https:\/\/api.w.org\/{rel}","templated":true}]}}

PËR NJË SHQIPËRI EUROPIANE

<div class="flex w-full flex-col gap-1 empty:hidden first:pt-[3px]">
<p><strong>PËR NJË SHQIPËRI EUROPIANE</strong><br />
Faik Konica</p>
<p>Përgatiti Fotaq Andrea</p>
<p>ISBN 978-9928-940-35-3<br data-start="113" data-end="116" />Çmimi 3000  Lekë /  30 €</p>
<p>918 faqe</p>
</div>
<div class="flex w-full flex-col gap-1 empty:hidden first:pt-[3px]">&#8220;Parandjej, në agimin e së nesërmes, një Shqipëri të lulëzuar dhe intelektuale, ku do vibrojë një rini kureshtare, e dhënë pas artit, bukurisë, punës. Ata shqiptarë të rinj do dinë t&#8217;i gjykojnë me drejtësi e zemërgjerësi përpjekjet tona. Do të shqyrtojnë me krejt burimet e dokumentacionit dhe të kritikës çka ishte gjuha jonë dje dhe çka do të jetë gjuha e tyre nesër, gjuha ku do përmbledhin mendimet apo ëndrrat e tyre; dhe asaj gjuhe &#8211; sa muskuloze aq edhe të brishtë do t&#8217;i kërkojnë datën e lindjes dhe do dinë ta përcaktojnë.&#8221;</div>
<div class="flex w-full flex-col gap-1 empty:hidden first:pt-[3px]"><strong>Faik Konica, Albania, viti II, 1898. </strong></div>
