{"id":2438,"date":"2025-05-02T13:16:43","date_gmt":"2025-05-02T13:16:43","guid":{"rendered":"https:\/\/kad.al\/?post_type=product&#038;p=2438"},"modified":"2025-07-05T09:15:25","modified_gmt":"2025-07-05T09:15:25","slug":"kerkime-arkeologjike-dhe-historike","status":"publish","type":"product","link":"https:\/\/kad.al\/index.php\/product\/kerkime-arkeologjike-dhe-historike\/","title":{"rendered":"K\u00cbRKIME ARKEOLOGJIKE DHE HISTORIKE"},"content":{"rendered":"","protected":false},"excerpt":{"rendered":"<div class=\"flex w-full flex-col gap-1 empty:hidden first:pt-[3px]\">\n<p><strong>K\u00cbRKIME ARKEOLOGJIKE DHE HISTORIKE<\/strong><br data-start=\"73\" data-end=\"76\" \/><em>Halil Myrto<\/em><\/p>\n<p>ISBN 978-9928-940-56-8<br data-start=\"113\" data-end=\"116\" \/>\u00c7mimi 1500 Lek\u00eb<\/p>\n<p>400 faqe<\/p>\n<\/div>\n<div class=\"flex w-full flex-col gap-1 empty:hidden first:pt-[3px]\">P\u00ebrmbledhje artikush shkencor\u00eb t\u00eb arkeologut Halil Myrto.<\/div>\n","protected":false},"featured_media":2439,"template":"","meta":[],"product_brand":[],"product_cat":[21],"product_tag":[],"class_list":{"0":"post-2438","1":"product","2":"type-product","3":"status-publish","4":"has-post-thumbnail","6":"product_cat-studime-shkencore-dhe-monografi","7":"description-off","9":"first","10":"instock","11":"shipping-taxable","12":"product-type-simple"},"_links":{"self":[{"href":"https:\/\/kad.al\/index.php\/wp-json\/wp\/v2\/product\/2438","targetHints":{"allow":["GET"]}}],"collection":[{"href":"https:\/\/kad.al\/index.php\/wp-json\/wp\/v2\/product"}],"about":[{"href":"https:\/\/kad.al\/index.php\/wp-json\/wp\/v2\/types\/product"}],"wp:featuredmedia":[{"embeddable":true,"href":"https:\/\/kad.al\/index.php\/wp-json\/wp\/v2\/media\/2439"}],"wp:attachment":[{"href":"https:\/\/kad.al\/index.php\/wp-json\/wp\/v2\/media?parent=2438"}],"wp:term":[{"taxonomy":"product_brand","embeddable":true,"href":"https:\/\/kad.al\/index.php\/wp-json\/wp\/v2\/product_brand?post=2438"},{"taxonomy":"product_cat","embeddable":true,"href":"https:\/\/kad.al\/index.php\/wp-json\/wp\/v2\/product_cat?post=2438"},{"taxonomy":"product_tag","embeddable":true,"href":"https:\/\/kad.al\/index.php\/wp-json\/wp\/v2\/product_tag?post=2438"}],"curies":[{"name":"wp","href":"https:\/\/api.w.org\/{rel}","templated":true}]}}