{"id":2408,"date":"2025-01-25T08:52:52","date_gmt":"2025-01-25T08:52:52","guid":{"rendered":"https:\/\/kad.al\/?post_type=product&#038;p=2408"},"modified":"2025-07-08T07:02:13","modified_gmt":"2025-07-08T07:02:13","slug":"shtate-histori-qe-vijne-nga-larg","status":"publish","type":"product","link":"https:\/\/kad.al\/index.php\/product\/shtate-histori-qe-vijne-nga-larg\/","title":{"rendered":"SHTAT\u00cb HISTORI Q\u00cb VIJN\u00cb NGA LARG"},"content":{"rendered":"","protected":false},"excerpt":{"rendered":"<p><strong>SHTAT\u00cb HISTORI Q\u00cb VIJN\u00cb NGA LARG<\/strong><\/p>\n<p id=\"tw-target-text\" class=\"tw-data-text tw-text-large tw-ta\" dir=\"ltr\" data-placeholder=\"Translation\" data-ved=\"2ahUKEwihuMzGuZCLAxXpa_EDHS1gCngQ3ewLegQIChAV\" aria-label=\"Translated text: TWO HEARTS FOR RENT Felicia Kingsley ISBN 978-9928-940-21-6 Price 1400 Lek \/ \u20ac14 450 pages The most requested romantic comedy of the year. Translated from the original by Jozef Radi\"><strong><em><span class=\"Y2IQFc\" lang=\"en\">Jean Christophe Rufin<\/span><\/em><\/strong><\/p>\n<p>\u00a0ISBN <span class=\"Y2IQFc\" lang=\"en\">978-9928-940-17-9<\/span><\/p>\n<p>\u00c7mimi 1000 Lek\u00eb<\/p>\n<p>136 Faqe<\/p>\n<p id=\"tw-target-text\" class=\"tw-data-text tw-text-large tw-ta\" dir=\"ltr\" data-placeholder=\"Translation\" data-ved=\"2ahUKEwihuMzGuZCLAxXpa_EDHS1gCngQ3ewLegQIChAV\" aria-label=\"Translated text: TWO HEARTS FOR RENT Felicia Kingsley ISBN 978-9928-940-21-6 Price 1400 Lek \/ \u20ac14 450 pages The most requested romantic comedy of the year. Translated from the original by Jozef Radi\"><span class=\"Y2IQFc\" lang=\"en\">Shtat\u00eb histori t\u00eb forta, ther\u00ebse, mall\u00ebngjyese. Shtat\u00eb novela, secila me intrig\u00ebn, personazhet dhe p\u00ebrfundimin e saj t\u00eb papritur. Shtat\u00eb vende t\u00eb bot\u00ebs, Mozambiku, Kirkizia, Ishujt Mauricius\u2026 q\u00eb sjellin ngjyrat dhe aromat e tyre. Shtat\u00eb raste p\u00ebr t\u201diu dh\u00ebn\u00eb \u00e7\u00ebshtjeve t\u00eb m\u00ebdha bashk\u00ebkohore nj\u00eb pamje njer\u00ebzore. Shtat\u00eb \u00e7aste, pjes\u00eb t\u00eb jet\u00ebs. Nj\u00eb lumturi e v\u00ebrtet\u00eb e leximit.<\/span><\/p>\n<p dir=\"ltr\" data-placeholder=\"Translation\" data-ved=\"2ahUKEwihuMzGuZCLAxXpa_EDHS1gCngQ3ewLegQIChAV\" aria-label=\"Translated text: TWO HEARTS FOR RENT Felicia Kingsley ISBN 978-9928-940-21-6 Price 1400 Lek \/ \u20ac14 450 pages The most requested romantic comedy of the year. Translated from the original by Jozef Radi\">\u00a0P\u00ebrktheu nga origjinali Enton Bido<\/p>\n","protected":false},"featured_media":2407,"template":"","meta":[],"product_brand":[],"product_cat":[23],"product_tag":[],"class_list":{"0":"post-2408","1":"product","2":"type-product","3":"status-publish","4":"has-post-thumbnail","6":"product_cat-romane-tregime-novela","7":"description-off","9":"first","10":"instock","11":"shipping-taxable","12":"product-type-simple"},"_links":{"self":[{"href":"https:\/\/kad.al\/index.php\/wp-json\/wp\/v2\/product\/2408","targetHints":{"allow":["GET"]}}],"collection":[{"href":"https:\/\/kad.al\/index.php\/wp-json\/wp\/v2\/product"}],"about":[{"href":"https:\/\/kad.al\/index.php\/wp-json\/wp\/v2\/types\/product"}],"wp:featuredmedia":[{"embeddable":true,"href":"https:\/\/kad.al\/index.php\/wp-json\/wp\/v2\/media\/2407"}],"wp:attachment":[{"href":"https:\/\/kad.al\/index.php\/wp-json\/wp\/v2\/media?parent=2408"}],"wp:term":[{"taxonomy":"product_brand","embeddable":true,"href":"https:\/\/kad.al\/index.php\/wp-json\/wp\/v2\/product_brand?post=2408"},{"taxonomy":"product_cat","embeddable":true,"href":"https:\/\/kad.al\/index.php\/wp-json\/wp\/v2\/product_cat?post=2408"},{"taxonomy":"product_tag","embeddable":true,"href":"https:\/\/kad.al\/index.php\/wp-json\/wp\/v2\/product_tag?post=2408"}],"curies":[{"name":"wp","href":"https:\/\/api.w.org\/{rel}","templated":true}]}}