{"id":2375,"date":"2025-01-16T10:52:39","date_gmt":"2025-01-16T10:52:39","guid":{"rendered":"https:\/\/kad.al\/?post_type=product&#038;p=2375"},"modified":"2025-07-08T07:05:31","modified_gmt":"2025-07-08T07:05:31","slug":"vajza-e-nje-kohe-tjeter","status":"publish","type":"product","link":"https:\/\/kad.al\/index.php\/product\/vajza-e-nje-kohe-tjeter\/","title":{"rendered":"VAJZA E NJ\u00cb KOHE TJET\u00cbR"},"content":{"rendered":"","protected":false},"excerpt":{"rendered":"<p><strong>VAJZA E NJ\u00cb KOHE TJET\u00cbR<\/strong><\/p>\n<p><b><i>Felicia Kingsley<\/i><\/b><\/p>\n<p>ISBN 978-9928-940-23-0<\/p>\n<p>\u00c7mimi 1400 Lek\u00eb<\/p>\n<p>592 Faqe<\/p>\n<p>P\u00ebrktheu nga origjinali Yllka Hasani<\/p>\n<p>Kush nuk do t\u00eb donte t\u00eb jetonte n\u00eb Londr\u00ebn e fillim shekullit t\u00eb 19-t\u00eb, me ballo dhe festa? Rebeka Sheridan do ta p\u00eblqente, sepse shekulli i nj\u00ebzet e nj\u00eb-t\u00eb \u00ebsht\u00eb shum\u00eb i ngusht\u00eb p\u00ebr t\u00eb: jet\u00eb plot tension, pa hap\u00ebsir\u00eb vetjake dhe t\u00eb dashur: zero. A \u00ebsht\u00eb e mundur q\u00eb askush t\u00eb mos dij\u00eb t\u00eb t\u00ebrheq\u00eb nj\u00eb vajz\u00eb? Asaj i p\u00eblqen t\u00eb marr\u00eb pjes\u00eb n\u00eb evente ku rijetohen zakonet e aristokracis\u00eb angleze t\u00eb shekullit XIX. Gjat\u00eb njerit prej tyre, ndodh di\u00e7ka e pashpjegueshme: Rebeka e gjen veten n\u00eb Londr\u00ebn e vitit 1816&#8230;.<\/p>\n<p>&nbsp;<\/p>\n","protected":false},"featured_media":2376,"template":"","meta":[],"product_brand":[],"product_cat":[23],"product_tag":[],"class_list":{"0":"post-2375","1":"product","2":"type-product","3":"status-publish","4":"has-post-thumbnail","6":"product_cat-romane-tregime-novela","7":"description-off","9":"first","10":"instock","11":"shipping-taxable","12":"product-type-simple"},"_links":{"self":[{"href":"https:\/\/kad.al\/index.php\/wp-json\/wp\/v2\/product\/2375","targetHints":{"allow":["GET"]}}],"collection":[{"href":"https:\/\/kad.al\/index.php\/wp-json\/wp\/v2\/product"}],"about":[{"href":"https:\/\/kad.al\/index.php\/wp-json\/wp\/v2\/types\/product"}],"wp:featuredmedia":[{"embeddable":true,"href":"https:\/\/kad.al\/index.php\/wp-json\/wp\/v2\/media\/2376"}],"wp:attachment":[{"href":"https:\/\/kad.al\/index.php\/wp-json\/wp\/v2\/media?parent=2375"}],"wp:term":[{"taxonomy":"product_brand","embeddable":true,"href":"https:\/\/kad.al\/index.php\/wp-json\/wp\/v2\/product_brand?post=2375"},{"taxonomy":"product_cat","embeddable":true,"href":"https:\/\/kad.al\/index.php\/wp-json\/wp\/v2\/product_cat?post=2375"},{"taxonomy":"product_tag","embeddable":true,"href":"https:\/\/kad.al\/index.php\/wp-json\/wp\/v2\/product_tag?post=2375"}],"curies":[{"name":"wp","href":"https:\/\/api.w.org\/{rel}","templated":true}]}}