{"id":2174,"date":"2023-08-25T13:32:02","date_gmt":"2023-08-25T13:32:02","guid":{"rendered":"https:\/\/kad.al\/?post_type=product&#038;p=2174"},"modified":"2025-07-08T06:56:09","modified_gmt":"2025-07-08T06:56:09","slug":"njeriu-i-neteve-te-vjeshtes","status":"publish","type":"product","link":"https:\/\/kad.al\/index.php\/product\/njeriu-i-neteve-te-vjeshtes\/","title":{"rendered":"NJERIU I NET\u00cbVE T\u00cb VJESHT\u00cbS"},"content":{"rendered":"","protected":false},"excerpt":{"rendered":"<p><strong>NJERIU I NET\u00cbVE T\u00cb VJESHT\u00cbS<\/strong><\/p>\n<p><em><strong>Gjergj Vlashi<\/strong><\/em><\/p>\n<p>ISBN 978-9928-383-52-5<\/p>\n<p>\u00c7mimi 1000 Lek\u00eb<\/p>\n<p dir=\"ltr\" data-placeholder=\"Translation\">&#8220;Njeriu i net\u00ebve t\u00eb vjesht\u00ebs&#8221; \u00ebsht\u00eb ribotim i librit t\u00eb m\u00ebparsh\u00ebm me t\u00eb njejtin titull i autorit Gjergj Vlashi<\/p>\n","protected":false},"featured_media":2176,"template":"","meta":[],"product_brand":[],"product_cat":[23],"product_tag":[],"class_list":{"0":"post-2174","1":"product","2":"type-product","3":"status-publish","4":"has-post-thumbnail","6":"product_cat-romane-tregime-novela","7":"description-off","9":"first","10":"instock","11":"shipping-taxable","12":"product-type-simple"},"_links":{"self":[{"href":"https:\/\/kad.al\/index.php\/wp-json\/wp\/v2\/product\/2174","targetHints":{"allow":["GET"]}}],"collection":[{"href":"https:\/\/kad.al\/index.php\/wp-json\/wp\/v2\/product"}],"about":[{"href":"https:\/\/kad.al\/index.php\/wp-json\/wp\/v2\/types\/product"}],"wp:featuredmedia":[{"embeddable":true,"href":"https:\/\/kad.al\/index.php\/wp-json\/wp\/v2\/media\/2176"}],"wp:attachment":[{"href":"https:\/\/kad.al\/index.php\/wp-json\/wp\/v2\/media?parent=2174"}],"wp:term":[{"taxonomy":"product_brand","embeddable":true,"href":"https:\/\/kad.al\/index.php\/wp-json\/wp\/v2\/product_brand?post=2174"},{"taxonomy":"product_cat","embeddable":true,"href":"https:\/\/kad.al\/index.php\/wp-json\/wp\/v2\/product_cat?post=2174"},{"taxonomy":"product_tag","embeddable":true,"href":"https:\/\/kad.al\/index.php\/wp-json\/wp\/v2\/product_tag?post=2174"}],"curies":[{"name":"wp","href":"https:\/\/api.w.org\/{rel}","templated":true}]}}