{"id":2167,"date":"2023-08-25T13:16:49","date_gmt":"2023-08-25T13:16:49","guid":{"rendered":"https:\/\/kad.al\/?post_type=product&#038;p=2167"},"modified":"2025-07-07T08:49:54","modified_gmt":"2025-07-07T08:49:54","slug":"histori-e-kavajes","status":"publish","type":"product","link":"https:\/\/kad.al\/index.php\/product\/histori-e-kavajes\/","title":{"rendered":"HISTORI E KAVAJ\u00cbS"},"content":{"rendered":"","protected":false},"excerpt":{"rendered":"<p><strong>HISTORI E KAVAJ\u00cbS<\/strong><\/p>\n<p><em><strong>Rifat Hoxha<\/strong><\/em><\/p>\n<p>ISBN 978-9928-383-97-6<\/p>\n<p>\u00c7mimi 1500 Lek\u00eb<\/p>\n<p dir=\"ltr\" data-placeholder=\"Translation\">532 Faqe<\/p>\n<p dir=\"ltr\" data-placeholder=\"Translation\">Libri \u00ebsht\u00eb versioni m\u00eb i ri i zgjeruar i historis\u00eb s\u00eb Kavaj\u00ebs i shkruar nga autori Rifat Hoxha<\/p>\n","protected":false},"featured_media":2168,"template":"","meta":[],"product_brand":[],"product_cat":[22],"product_tag":[],"class_list":{"0":"post-2167","1":"product","2":"type-product","3":"status-publish","4":"has-post-thumbnail","6":"product_cat-histori","7":"description-off","9":"first","10":"instock","11":"shipping-taxable","12":"product-type-simple"},"_links":{"self":[{"href":"https:\/\/kad.al\/index.php\/wp-json\/wp\/v2\/product\/2167","targetHints":{"allow":["GET"]}}],"collection":[{"href":"https:\/\/kad.al\/index.php\/wp-json\/wp\/v2\/product"}],"about":[{"href":"https:\/\/kad.al\/index.php\/wp-json\/wp\/v2\/types\/product"}],"wp:featuredmedia":[{"embeddable":true,"href":"https:\/\/kad.al\/index.php\/wp-json\/wp\/v2\/media\/2168"}],"wp:attachment":[{"href":"https:\/\/kad.al\/index.php\/wp-json\/wp\/v2\/media?parent=2167"}],"wp:term":[{"taxonomy":"product_brand","embeddable":true,"href":"https:\/\/kad.al\/index.php\/wp-json\/wp\/v2\/product_brand?post=2167"},{"taxonomy":"product_cat","embeddable":true,"href":"https:\/\/kad.al\/index.php\/wp-json\/wp\/v2\/product_cat?post=2167"},{"taxonomy":"product_tag","embeddable":true,"href":"https:\/\/kad.al\/index.php\/wp-json\/wp\/v2\/product_tag?post=2167"}],"curies":[{"name":"wp","href":"https:\/\/api.w.org\/{rel}","templated":true}]}}