{"id":2148,"date":"2023-08-16T13:27:51","date_gmt":"2023-08-16T13:27:51","guid":{"rendered":"https:\/\/kad.al\/?post_type=product&#038;p=2148"},"modified":"2025-07-05T09:28:57","modified_gmt":"2025-07-05T09:28:57","slug":"mri-dedja-e-merrnacajve","status":"publish","type":"product","link":"https:\/\/kad.al\/index.php\/product\/mri-dedja-e-merrnacajve\/","title":{"rendered":"MR\u00ec DEDJA E MERRNA\u00c7AJVE"},"content":{"rendered":"","protected":false},"excerpt":{"rendered":"<p><strong>MR\u00ec DEDJA E MERRNA\u00c7AJVE<\/strong><\/p>\n<p><em><strong>Jozef Radi<\/strong><\/em><\/p>\n<p>ISBN 978-9928-811-01-1<\/p>\n<p>398 Faqe<\/p>\n<p>\u00c7mimi 1800 Lek\u00eb<\/p>\n<p>Libri p\u00ebrmban rr\u00ebfimet e jet\u00ebs s\u00eb v\u00ebshtir\u00eb t\u00eb Mri Dedj\u00ebs s\u00eb\u00a0Merrna\u00e7ajve.<\/p>\n","protected":false},"featured_media":2151,"template":"","meta":[],"product_brand":[],"product_cat":[21],"product_tag":[],"class_list":{"0":"post-2148","1":"product","2":"type-product","3":"status-publish","4":"has-post-thumbnail","6":"product_cat-studime-shkencore-dhe-monografi","7":"description-off","9":"first","10":"instock","11":"shipping-taxable","12":"product-type-simple"},"_links":{"self":[{"href":"https:\/\/kad.al\/index.php\/wp-json\/wp\/v2\/product\/2148","targetHints":{"allow":["GET"]}}],"collection":[{"href":"https:\/\/kad.al\/index.php\/wp-json\/wp\/v2\/product"}],"about":[{"href":"https:\/\/kad.al\/index.php\/wp-json\/wp\/v2\/types\/product"}],"wp:featuredmedia":[{"embeddable":true,"href":"https:\/\/kad.al\/index.php\/wp-json\/wp\/v2\/media\/2151"}],"wp:attachment":[{"href":"https:\/\/kad.al\/index.php\/wp-json\/wp\/v2\/media?parent=2148"}],"wp:term":[{"taxonomy":"product_brand","embeddable":true,"href":"https:\/\/kad.al\/index.php\/wp-json\/wp\/v2\/product_brand?post=2148"},{"taxonomy":"product_cat","embeddable":true,"href":"https:\/\/kad.al\/index.php\/wp-json\/wp\/v2\/product_cat?post=2148"},{"taxonomy":"product_tag","embeddable":true,"href":"https:\/\/kad.al\/index.php\/wp-json\/wp\/v2\/product_tag?post=2148"}],"curies":[{"name":"wp","href":"https:\/\/api.w.org\/{rel}","templated":true}]}}