{"id":2092,"date":"2023-06-13T14:14:34","date_gmt":"2023-06-13T14:14:34","guid":{"rendered":"https:\/\/kad.al\/?post_type=product&#038;p=2092"},"modified":"2023-07-22T09:39:40","modified_gmt":"2023-07-22T09:39:40","slug":"hymni-i-lumturise","status":"publish","type":"product","link":"https:\/\/kad.al\/index.php\/product\/hymni-i-lumturise\/","title":{"rendered":"HYMNI I LUMTURIS\u00cb"},"content":{"rendered":"","protected":false},"excerpt":{"rendered":"<p><strong>HYMNI I LUMTURIS\u00cb<\/strong><\/p>\n<p><b><i>Charles Dickens<\/i><\/b><\/p>\n<p>ISBN 978-9928-383-81-1<\/p>\n<p>\u00c7mimi 800 Lek\u00eb \/ 7\u00a0\u20ac<\/p>\n<p dir=\"ltr\" data-placeholder=\"Translation\">122 Faqe<\/p>\n<p dir=\"ltr\" data-placeholder=\"Translation\">P\u00ebrkthyer nga Maksim Rakipaj<\/p>\n<p class=\"tw-data-text tw-text-large tw-ta\" dir=\"ltr\" data-placeholder=\"Translation\">Ideja p\u00ebr t\u00eb shkruar k\u00ebt\u00eb lib\u00ebr, Dickensi-t i lindi kur udh\u00ebtoi n\u00eb veri t\u00eb Anglis\u00eb, p\u00ebr t\u00eb folur n\u00eb Ateneumin e Man\u00e7esterit, nj\u00eb organizat\u00eb filantropike, e cila ndihmonte shtresat e varfra t\u00eb paemancipuara, t\u00eb pashkolluara, t\u00eb shfryt\u00ebzuara nga pronar\u00ebt e fabrikave dhe t\u00eb injoruara nga pjesa tjet\u00ebr e popullsis\u00eb. Libri u botua p\u00ebr her\u00eb t\u00eb par\u00eb, n\u00eb Lond\u00ebr, n\u00eb vitin 1843 dhe pati nj\u00eb sukses t\u00eb jasht\u00ebzakonsh\u00ebm. Ai u shit brenda gjasht\u00eb jav\u00ebsh.<\/p>\n<p>&nbsp;<\/p>\n","protected":false},"featured_media":2095,"template":"","meta":[],"product_brand":[],"product_cat":[27],"product_tag":[],"class_list":{"0":"post-2092","1":"product","2":"type-product","3":"status-publish","4":"has-post-thumbnail","6":"product_cat-letersia-klasike","7":"description-off","9":"first","10":"instock","11":"shipping-taxable","12":"product-type-simple"},"_links":{"self":[{"href":"https:\/\/kad.al\/index.php\/wp-json\/wp\/v2\/product\/2092","targetHints":{"allow":["GET"]}}],"collection":[{"href":"https:\/\/kad.al\/index.php\/wp-json\/wp\/v2\/product"}],"about":[{"href":"https:\/\/kad.al\/index.php\/wp-json\/wp\/v2\/types\/product"}],"wp:featuredmedia":[{"embeddable":true,"href":"https:\/\/kad.al\/index.php\/wp-json\/wp\/v2\/media\/2095"}],"wp:attachment":[{"href":"https:\/\/kad.al\/index.php\/wp-json\/wp\/v2\/media?parent=2092"}],"wp:term":[{"taxonomy":"product_brand","embeddable":true,"href":"https:\/\/kad.al\/index.php\/wp-json\/wp\/v2\/product_brand?post=2092"},{"taxonomy":"product_cat","embeddable":true,"href":"https:\/\/kad.al\/index.php\/wp-json\/wp\/v2\/product_cat?post=2092"},{"taxonomy":"product_tag","embeddable":true,"href":"https:\/\/kad.al\/index.php\/wp-json\/wp\/v2\/product_tag?post=2092"}],"curies":[{"name":"wp","href":"https:\/\/api.w.org\/{rel}","templated":true}]}}