{"id":2051,"date":"2023-02-07T12:01:04","date_gmt":"2023-02-07T12:01:04","guid":{"rendered":"https:\/\/kad.al\/?post_type=product&#038;p=2051"},"modified":"2025-07-07T08:49:21","modified_gmt":"2025-07-07T08:49:21","slug":"here-djall-here-engjell","status":"publish","type":"product","link":"https:\/\/kad.al\/index.php\/product\/here-djall-here-engjell\/","title":{"rendered":"HER\u00cb DJALL, HER\u00cb ENGJ\u00cbLL"},"content":{"rendered":"","protected":false},"excerpt":{"rendered":"<p><strong>HER\u00cb DJALL, HER\u00cb ENGJ\u00cbLL<\/strong><\/p>\n<p><em>Kostas Akrivos<\/em><\/p>\n<p>ISBN 978-9928&#8211;383 &#8211; 43 -3<\/p>\n<p>\u00c7mimi 1000 Lek\u00eb<\/p>\n<p>\u201cHer\u00eb djall e her\u00eb engj\u00ebll\u201d, me autor Kostas Akrivos \u00ebsht\u00eb nj\u00eb lib\u00ebr q\u00eb flet p\u00ebr revolucionin e vitit 1821, prej t\u00eb cilit lindin disa pyetje dhe nxirren disa t\u00eb v\u00ebrteta, q\u00eb lexuesi i thjesht\u00eb, nuk i njeh: A mund t\u00eb quhet ai nj\u00eb revolucion grek? Cili ishte roli i arvanitasve dhe rumeliot\u00ebve n\u00eb t\u00eb? \u00c7far\u00eb roli luajt\u00ebn shqiptar\u00ebt, n\u00ebn urdhrat e pashallar\u00ebve Bushatllinj apo Vrionas? A u vran\u00eb ata mes vedi, t\u00eb krishter\u00eb e mysliman\u00eb t\u00eb nj\u00eb gjaku? Kush e vrau Marko Bo\u00e7arin? Kush e b\u00ebri masakr\u00ebn e Tripolic\u00ebs? Ky lib\u00ebr na njeh me ngjarje, p\u00ebr t\u00eb cilat nuk na \u00ebsht\u00eb folur kurr\u00eb, por q\u00eb na ndihmojn\u00eb t\u00eb kemi nj\u00eb mendim m\u00eb t\u00eb qart\u00eb, p\u00ebr at\u00eb periudh\u00eb t\u00eb historis\u00eb s\u00eb kombit ton\u00eb.<\/p>\n","protected":false},"featured_media":2052,"template":"","meta":[],"product_brand":[],"product_cat":[22],"product_tag":[],"class_list":{"0":"post-2051","1":"product","2":"type-product","3":"status-publish","4":"has-post-thumbnail","6":"product_cat-histori","7":"description-off","9":"first","10":"instock","11":"shipping-taxable","12":"product-type-simple"},"_links":{"self":[{"href":"https:\/\/kad.al\/index.php\/wp-json\/wp\/v2\/product\/2051","targetHints":{"allow":["GET"]}}],"collection":[{"href":"https:\/\/kad.al\/index.php\/wp-json\/wp\/v2\/product"}],"about":[{"href":"https:\/\/kad.al\/index.php\/wp-json\/wp\/v2\/types\/product"}],"wp:featuredmedia":[{"embeddable":true,"href":"https:\/\/kad.al\/index.php\/wp-json\/wp\/v2\/media\/2052"}],"wp:attachment":[{"href":"https:\/\/kad.al\/index.php\/wp-json\/wp\/v2\/media?parent=2051"}],"wp:term":[{"taxonomy":"product_brand","embeddable":true,"href":"https:\/\/kad.al\/index.php\/wp-json\/wp\/v2\/product_brand?post=2051"},{"taxonomy":"product_cat","embeddable":true,"href":"https:\/\/kad.al\/index.php\/wp-json\/wp\/v2\/product_cat?post=2051"},{"taxonomy":"product_tag","embeddable":true,"href":"https:\/\/kad.al\/index.php\/wp-json\/wp\/v2\/product_tag?post=2051"}],"curies":[{"name":"wp","href":"https:\/\/api.w.org\/{rel}","templated":true}]}}