{"id":2012,"date":"2022-12-02T09:19:45","date_gmt":"2022-12-02T09:19:45","guid":{"rendered":"https:\/\/kad.al\/?post_type=product&#038;p=2012"},"modified":"2022-12-02T09:26:40","modified_gmt":"2022-12-02T09:26:40","slug":"degjo-sa-fort-me-rreh-zemra","status":"publish","type":"product","link":"https:\/\/kad.al\/index.php\/product\/degjo-sa-fort-me-rreh-zemra\/","title":{"rendered":"D\u00cbGJO SA FORT M\u00cb RREH ZEMRA"},"content":{"rendered":"","protected":false},"excerpt":{"rendered":"<p><strong>D\u00cbGJO SA FORT M\u00cb RREH ZEMRA<\/strong><\/p>\n<p><em><strong>Wislawa Szymborska<\/strong><\/em><\/p>\n<p>ISBN 978-9928-383-29-7<\/p>\n<p>\u00c7mimi 800 Lek\u00eb\u00a0 \/ 7 \u20ac<\/p>\n<p>P\u00ebrktheu: Maksim Rakipaj<\/p>\n<p>Wislawa Szymborska \u00ebsht\u00eb fituese e \u00c7mimit &#8221;Nobel&#8221; n\u00eb let\u00ebrsi p\u00ebr vitin 1996.<\/p>\n","protected":false},"featured_media":2013,"template":"","meta":[],"product_brand":[],"product_cat":[24],"product_tag":[],"class_list":{"0":"post-2012","1":"product","2":"type-product","3":"status-publish","4":"has-post-thumbnail","6":"product_cat-poezi","7":"description-off","9":"first","10":"instock","11":"shipping-taxable","12":"product-type-simple"},"_links":{"self":[{"href":"https:\/\/kad.al\/index.php\/wp-json\/wp\/v2\/product\/2012","targetHints":{"allow":["GET"]}}],"collection":[{"href":"https:\/\/kad.al\/index.php\/wp-json\/wp\/v2\/product"}],"about":[{"href":"https:\/\/kad.al\/index.php\/wp-json\/wp\/v2\/types\/product"}],"wp:featuredmedia":[{"embeddable":true,"href":"https:\/\/kad.al\/index.php\/wp-json\/wp\/v2\/media\/2013"}],"wp:attachment":[{"href":"https:\/\/kad.al\/index.php\/wp-json\/wp\/v2\/media?parent=2012"}],"wp:term":[{"taxonomy":"product_brand","embeddable":true,"href":"https:\/\/kad.al\/index.php\/wp-json\/wp\/v2\/product_brand?post=2012"},{"taxonomy":"product_cat","embeddable":true,"href":"https:\/\/kad.al\/index.php\/wp-json\/wp\/v2\/product_cat?post=2012"},{"taxonomy":"product_tag","embeddable":true,"href":"https:\/\/kad.al\/index.php\/wp-json\/wp\/v2\/product_tag?post=2012"}],"curies":[{"name":"wp","href":"https:\/\/api.w.org\/{rel}","templated":true}]}}