{"id":1908,"date":"2022-08-04T12:25:24","date_gmt":"2022-08-04T12:25:24","guid":{"rendered":"https:\/\/kad.al\/?post_type=product&#038;p=1908"},"modified":"2025-07-08T07:00:35","modified_gmt":"2025-07-08T07:00:35","slug":"rrefehem-me-dashuri","status":"publish","type":"product","link":"https:\/\/kad.al\/index.php\/product\/rrefehem-me-dashuri\/","title":{"rendered":"RR\u00cbFEHEM ME DASHURI"},"content":{"rendered":"","protected":false},"excerpt":{"rendered":"<p><strong>RR\u00cbFEHEM ME DASHURI<\/strong><\/p>\n<p><em><strong>Ervina Toptani<\/strong><\/em><\/p>\n<p>ISBN 978-9928-357-83-0<\/p>\n<p>\u00c7mimi 1000 Lek\u00eb<\/p>\n<p>Autorja shprehet q\u00eb ky lib\u00ebr \u00ebsht\u00eb nj\u00eb himn kushtuar humanizmit, atij m\u00eb t\u00eb bukurit, atij njer\u00ebzorit, t\u00eb cilin shpesh e anashkalojm\u00eb ose e marrim p\u00ebr t\u00eb mirqen\u00eb. T\u00eb jetuarit \u00ebsht\u00eb gj\u00ebja m\u00eb e bukur q\u00eb mund t\u00eb na ndodh\u00eb, ndonj\u00ebher\u00eb e harrojm\u00eb k\u00ebt\u00eb fakt e mjaftohemi me ekzistenc\u00ebn.<\/p>\n<p>&nbsp;<\/p>\n","protected":false},"featured_media":1909,"template":"","meta":[],"product_brand":[],"product_cat":[23],"product_tag":[],"class_list":{"0":"post-1908","1":"product","2":"type-product","3":"status-publish","4":"has-post-thumbnail","6":"product_cat-romane-tregime-novela","7":"description-off","9":"first","10":"instock","11":"shipping-taxable","12":"product-type-simple"},"_links":{"self":[{"href":"https:\/\/kad.al\/index.php\/wp-json\/wp\/v2\/product\/1908","targetHints":{"allow":["GET"]}}],"collection":[{"href":"https:\/\/kad.al\/index.php\/wp-json\/wp\/v2\/product"}],"about":[{"href":"https:\/\/kad.al\/index.php\/wp-json\/wp\/v2\/types\/product"}],"wp:featuredmedia":[{"embeddable":true,"href":"https:\/\/kad.al\/index.php\/wp-json\/wp\/v2\/media\/1909"}],"wp:attachment":[{"href":"https:\/\/kad.al\/index.php\/wp-json\/wp\/v2\/media?parent=1908"}],"wp:term":[{"taxonomy":"product_brand","embeddable":true,"href":"https:\/\/kad.al\/index.php\/wp-json\/wp\/v2\/product_brand?post=1908"},{"taxonomy":"product_cat","embeddable":true,"href":"https:\/\/kad.al\/index.php\/wp-json\/wp\/v2\/product_cat?post=1908"},{"taxonomy":"product_tag","embeddable":true,"href":"https:\/\/kad.al\/index.php\/wp-json\/wp\/v2\/product_tag?post=1908"}],"curies":[{"name":"wp","href":"https:\/\/api.w.org\/{rel}","templated":true}]}}