{"id":1893,"date":"2022-07-18T12:24:15","date_gmt":"2022-07-18T12:24:15","guid":{"rendered":"https:\/\/kad.al\/?post_type=product&#038;p=1893"},"modified":"2025-07-10T13:54:43","modified_gmt":"2025-07-10T13:54:43","slug":"55-poezi-2","status":"publish","type":"product","link":"https:\/\/kad.al\/index.php\/product\/55-poezi-2\/","title":{"rendered":"55 POEZI"},"content":{"rendered":"","protected":false},"excerpt":{"rendered":"<p><strong>55 POEZI<\/strong><\/p>\n<p><em><strong>Vinicius De Moraes<\/strong><\/em><\/p>\n<p>ISBN 978-9928-357-87-8<\/p>\n<p>\u00c7mimi 800 Lek\u00eb<\/p>\n<p>Shqip\u00ebroi Jozef Radi<\/p>\n<p>55 Poezi nga Marcus Vin\u00edcius da Cruz e Mello Moraes, i njohur m\u00eb mir\u00eb si Vin\u00edcius de Moraes. Moraes ishte poet, diplomat, eseist, muzikant, k\u00ebng\u00ebtar dhe dramaturg brazilian.<\/p>\n<p>&nbsp;<\/p>\n","protected":false},"featured_media":1894,"template":"","meta":[],"product_brand":[],"product_cat":[24],"product_tag":[],"class_list":{"0":"post-1893","1":"product","2":"type-product","3":"status-publish","4":"has-post-thumbnail","6":"product_cat-poezi","7":"description-off","9":"first","10":"instock","11":"shipping-taxable","12":"product-type-simple"},"_links":{"self":[{"href":"https:\/\/kad.al\/index.php\/wp-json\/wp\/v2\/product\/1893","targetHints":{"allow":["GET"]}}],"collection":[{"href":"https:\/\/kad.al\/index.php\/wp-json\/wp\/v2\/product"}],"about":[{"href":"https:\/\/kad.al\/index.php\/wp-json\/wp\/v2\/types\/product"}],"wp:featuredmedia":[{"embeddable":true,"href":"https:\/\/kad.al\/index.php\/wp-json\/wp\/v2\/media\/1894"}],"wp:attachment":[{"href":"https:\/\/kad.al\/index.php\/wp-json\/wp\/v2\/media?parent=1893"}],"wp:term":[{"taxonomy":"product_brand","embeddable":true,"href":"https:\/\/kad.al\/index.php\/wp-json\/wp\/v2\/product_brand?post=1893"},{"taxonomy":"product_cat","embeddable":true,"href":"https:\/\/kad.al\/index.php\/wp-json\/wp\/v2\/product_cat?post=1893"},{"taxonomy":"product_tag","embeddable":true,"href":"https:\/\/kad.al\/index.php\/wp-json\/wp\/v2\/product_tag?post=1893"}],"curies":[{"name":"wp","href":"https:\/\/api.w.org\/{rel}","templated":true}]}}