{"id":1834,"date":"2022-07-05T12:04:43","date_gmt":"2022-07-05T12:04:43","guid":{"rendered":"https:\/\/kad.al\/?post_type=product&#038;p=1834"},"modified":"2022-07-05T12:16:11","modified_gmt":"2022-07-05T12:16:11","slug":"dashuri-dhe-mall-mbi-pentagram","status":"publish","type":"product","link":"https:\/\/kad.al\/index.php\/product\/dashuri-dhe-mall-mbi-pentagram\/","title":{"rendered":"DASHURI DHE MALL MBI PENTAGRAM"},"content":{"rendered":"","protected":false},"excerpt":{"rendered":"<p><b>DASHURI DHE MALL MBI PENTAGRAM<\/b><\/p>\n<p><strong><em>Zyhni M. Beqiraj<\/em><\/strong><\/p>\n<p>ISBN\u00a0978-9928-357-73-1<\/p>\n<p>\u00c7mimi 1000 Lek\u00eb \/ 8 \u20ac<\/p>\n<p>Libri p\u00ebrmban k\u00ebng\u00eb t\u00eb kompozuara nd\u00ebr vite nga kompozitori Zyhni Beqiraj. Me to jan\u00eb realizuar pes\u00eb albume muzikore dhe jan\u00eb k\u00ebnduar nga artist\u00eb t\u00eb njohur shqiptar\u00eb.<\/p>\n","protected":false},"featured_media":1835,"template":"","meta":[],"product_brand":[],"product_cat":[26],"product_tag":[],"class_list":{"0":"post-1834","1":"product","2":"type-product","3":"status-publish","4":"has-post-thumbnail","6":"product_cat-fjalore-albume","7":"description-off","9":"first","10":"instock","11":"shipping-taxable","12":"product-type-simple"},"_links":{"self":[{"href":"https:\/\/kad.al\/index.php\/wp-json\/wp\/v2\/product\/1834","targetHints":{"allow":["GET"]}}],"collection":[{"href":"https:\/\/kad.al\/index.php\/wp-json\/wp\/v2\/product"}],"about":[{"href":"https:\/\/kad.al\/index.php\/wp-json\/wp\/v2\/types\/product"}],"wp:featuredmedia":[{"embeddable":true,"href":"https:\/\/kad.al\/index.php\/wp-json\/wp\/v2\/media\/1835"}],"wp:attachment":[{"href":"https:\/\/kad.al\/index.php\/wp-json\/wp\/v2\/media?parent=1834"}],"wp:term":[{"taxonomy":"product_brand","embeddable":true,"href":"https:\/\/kad.al\/index.php\/wp-json\/wp\/v2\/product_brand?post=1834"},{"taxonomy":"product_cat","embeddable":true,"href":"https:\/\/kad.al\/index.php\/wp-json\/wp\/v2\/product_cat?post=1834"},{"taxonomy":"product_tag","embeddable":true,"href":"https:\/\/kad.al\/index.php\/wp-json\/wp\/v2\/product_tag?post=1834"}],"curies":[{"name":"wp","href":"https:\/\/api.w.org\/{rel}","templated":true}]}}