{"id":1688,"date":"2021-12-29T12:47:33","date_gmt":"2021-12-29T12:47:33","guid":{"rendered":"https:\/\/kad.al\/?post_type=product&#038;p=1688"},"modified":"2025-07-08T07:10:22","modified_gmt":"2025-07-08T07:10:22","slug":"vepra-letrare-7","status":"publish","type":"product","link":"https:\/\/kad.al\/index.php\/product\/vepra-letrare-7\/","title":{"rendered":"VEPRA LETRARE 7"},"content":{"rendered":"","protected":false},"excerpt":{"rendered":"<p><strong>VEPRA LETRARE 7<\/strong><\/p>\n<p><em><strong>Nikolla Spathari<\/strong><\/em><\/p>\n<p>ISBN 978-9928-317-16-2<\/p>\n<p>\u00c7mimi 1200 Lek\u00eb<\/p>\n<p>\u201cVepra Letrare 7\u201d \u00a0\u00ebsht\u00eb botuar n\u00eb dy gjuh\u00eb, shqip dhe greqisht. P\u00ebrmban v\u00ebllimin me poezi t\u00eb zgjedhura me titull \u201cDo mbetet p\u00ebr gjithnj\u00eb Homeri\u201d. N\u00eb k\u00ebt\u00eb vep\u00ebr jan\u00eb 60 poezi t\u00eb p\u00ebrkthyera, ku mund t\u00eb p\u00ebrmendim: Braktisja, K\u00ebnga jote, Mesazhi i mbr\u00ebmjes, Qyteti dhe ajo, N\u00eb kujtes\u00ebn time, Thon\u00eb se \u00ebsht\u00eb k\u00ebng\u00eb, Ti ishe m\u00eb larg, Mi ktheni ato mbr\u00ebmje, Ju p\u00ebrsh\u00ebndes, Anija e mbr\u00ebmjes, Magjia e nj\u00eb k\u00ebnge,\u00a0 M\u00ebngjesi, Sa shum\u00eb bor\u00ebra, E ndjej se di\u00e7ka mungon etj.<\/p>\n","protected":false},"featured_media":1689,"template":"","meta":[],"product_brand":[],"product_cat":[23],"product_tag":[],"class_list":{"0":"post-1688","1":"product","2":"type-product","3":"status-publish","4":"has-post-thumbnail","6":"product_cat-romane-tregime-novela","7":"description-off","9":"first","10":"instock","11":"shipping-taxable","12":"product-type-simple"},"_links":{"self":[{"href":"https:\/\/kad.al\/index.php\/wp-json\/wp\/v2\/product\/1688","targetHints":{"allow":["GET"]}}],"collection":[{"href":"https:\/\/kad.al\/index.php\/wp-json\/wp\/v2\/product"}],"about":[{"href":"https:\/\/kad.al\/index.php\/wp-json\/wp\/v2\/types\/product"}],"wp:featuredmedia":[{"embeddable":true,"href":"https:\/\/kad.al\/index.php\/wp-json\/wp\/v2\/media\/1689"}],"wp:attachment":[{"href":"https:\/\/kad.al\/index.php\/wp-json\/wp\/v2\/media?parent=1688"}],"wp:term":[{"taxonomy":"product_brand","embeddable":true,"href":"https:\/\/kad.al\/index.php\/wp-json\/wp\/v2\/product_brand?post=1688"},{"taxonomy":"product_cat","embeddable":true,"href":"https:\/\/kad.al\/index.php\/wp-json\/wp\/v2\/product_cat?post=1688"},{"taxonomy":"product_tag","embeddable":true,"href":"https:\/\/kad.al\/index.php\/wp-json\/wp\/v2\/product_tag?post=1688"}],"curies":[{"name":"wp","href":"https:\/\/api.w.org\/{rel}","templated":true}]}}