{"id":1596,"date":"2021-07-28T13:47:21","date_gmt":"2021-07-28T13:47:21","guid":{"rendered":"https:\/\/kad.al\/?post_type=product&#038;p=1596"},"modified":"2025-07-07T08:52:01","modified_gmt":"2025-07-07T08:52:01","slug":"historia-e-durresit-2","status":"publish","type":"product","link":"https:\/\/kad.al\/index.php\/product\/historia-e-durresit-2\/","title":{"rendered":"HISTORIA E DURR\u00cbSIT"},"content":{"rendered":"","protected":false},"excerpt":{"rendered":"<p><strong>HISTORIA E DURR\u00cbSIT<\/strong><\/p>\n<p><em>Dorian Hatibi<\/em><\/p>\n<p>ISBN 978-9928&#8211;317 &#8211; 97 -1<\/p>\n<p>\u00c7mimi 1800 Lek\u00eb<\/p>\n<p>Historia e Durresit vjen p\u00ebr lexuesit me botimin m\u00eb t\u00eb ri nga Dorian Hatibi. Libri trajton ngjarjet n\u00eb m\u00ebnyr\u00eb t\u00eb detajuar nga prehistoria deri n\u00eb vitin 1912.<\/p>\n","protected":false},"featured_media":1597,"template":"","meta":[],"product_brand":[],"product_cat":[22],"product_tag":[],"class_list":{"0":"post-1596","1":"product","2":"type-product","3":"status-publish","4":"has-post-thumbnail","6":"product_cat-histori","7":"description-off","9":"first","10":"instock","11":"shipping-taxable","12":"product-type-simple"},"_links":{"self":[{"href":"https:\/\/kad.al\/index.php\/wp-json\/wp\/v2\/product\/1596","targetHints":{"allow":["GET"]}}],"collection":[{"href":"https:\/\/kad.al\/index.php\/wp-json\/wp\/v2\/product"}],"about":[{"href":"https:\/\/kad.al\/index.php\/wp-json\/wp\/v2\/types\/product"}],"wp:featuredmedia":[{"embeddable":true,"href":"https:\/\/kad.al\/index.php\/wp-json\/wp\/v2\/media\/1597"}],"wp:attachment":[{"href":"https:\/\/kad.al\/index.php\/wp-json\/wp\/v2\/media?parent=1596"}],"wp:term":[{"taxonomy":"product_brand","embeddable":true,"href":"https:\/\/kad.al\/index.php\/wp-json\/wp\/v2\/product_brand?post=1596"},{"taxonomy":"product_cat","embeddable":true,"href":"https:\/\/kad.al\/index.php\/wp-json\/wp\/v2\/product_cat?post=1596"},{"taxonomy":"product_tag","embeddable":true,"href":"https:\/\/kad.al\/index.php\/wp-json\/wp\/v2\/product_tag?post=1596"}],"curies":[{"name":"wp","href":"https:\/\/api.w.org\/{rel}","templated":true}]}}