{"id":1584,"date":"2021-06-25T14:10:13","date_gmt":"2021-06-25T14:10:13","guid":{"rendered":"https:\/\/kad.al\/?post_type=product&#038;p=1584"},"modified":"2025-07-05T09:31:02","modified_gmt":"2025-07-05T09:31:02","slug":"ngjyra-e-lekures-komunizmi-dhe-gjykimi-i-shendoshe","status":"publish","type":"product","link":"https:\/\/kad.al\/index.php\/product\/ngjyra-e-lekures-komunizmi-dhe-gjykimi-i-shendoshe\/","title":{"rendered":"NGJYRA E L\u00cbKUR\u00cbS, KOMUNIZMI DHE GJYKIMI I SH\u00cbNDOSH\u00cb"},"content":{"rendered":"","protected":false},"excerpt":{"rendered":"<p><strong>NGJYRA E L\u00cbKUR\u00cbS, KOMUNIZMI DHE GJYKIMI I SH\u00cbNDOSH\u00cb<\/strong><\/p>\n<p><b><i>Manning Johnson<\/i><\/b><\/p>\n<p>ISBN 978-9928-357-03-8<\/p>\n<p>\u00c7mimi 700 Lek\u00eb<\/p>\n<p>Historia e Manning Johnson fillon si ajo e shum\u00eb zezak\u00ebve t\u00eb tjer\u00eb, t\u00eb rritur me frym\u00eb fetare&#8230; Manning Johnson, mjaft i aft\u00eb dhe i arsimuar, ndjehej i p\u00ebrbuzur p\u00ebr shkak t\u00eb rac\u00ebs dhe ngjyr\u00ebs s\u00eb l\u00ebkur\u00ebs dhe ra pre e propagand\u00ebs komuniste. Komunist\u00ebt u mb\u00ebshtet\u00ebn tek ai, pa e ditur se njeriu i p\u00ebrzgjedhur p\u00ebr t\u00eb luftuar p\u00ebr \u00e7\u00ebshtjen e tyre, kishte disa cil\u00ebsi t\u00eb rrezikshme p\u00ebr ta.<\/p>\n","protected":false},"featured_media":1585,"template":"","meta":[],"product_brand":[],"product_cat":[21],"product_tag":[],"class_list":{"0":"post-1584","1":"product","2":"type-product","3":"status-publish","4":"has-post-thumbnail","6":"product_cat-studime-shkencore-dhe-monografi","7":"description-off","9":"first","10":"instock","11":"shipping-taxable","12":"product-type-simple"},"_links":{"self":[{"href":"https:\/\/kad.al\/index.php\/wp-json\/wp\/v2\/product\/1584","targetHints":{"allow":["GET"]}}],"collection":[{"href":"https:\/\/kad.al\/index.php\/wp-json\/wp\/v2\/product"}],"about":[{"href":"https:\/\/kad.al\/index.php\/wp-json\/wp\/v2\/types\/product"}],"wp:featuredmedia":[{"embeddable":true,"href":"https:\/\/kad.al\/index.php\/wp-json\/wp\/v2\/media\/1585"}],"wp:attachment":[{"href":"https:\/\/kad.al\/index.php\/wp-json\/wp\/v2\/media?parent=1584"}],"wp:term":[{"taxonomy":"product_brand","embeddable":true,"href":"https:\/\/kad.al\/index.php\/wp-json\/wp\/v2\/product_brand?post=1584"},{"taxonomy":"product_cat","embeddable":true,"href":"https:\/\/kad.al\/index.php\/wp-json\/wp\/v2\/product_cat?post=1584"},{"taxonomy":"product_tag","embeddable":true,"href":"https:\/\/kad.al\/index.php\/wp-json\/wp\/v2\/product_tag?post=1584"}],"curies":[{"name":"wp","href":"https:\/\/api.w.org\/{rel}","templated":true}]}}