{"id":1469,"date":"2021-01-16T13:30:37","date_gmt":"2021-01-16T13:30:37","guid":{"rendered":"https:\/\/kad.al\/?post_type=product&#038;p=1469"},"modified":"2025-07-10T13:50:11","modified_gmt":"2025-07-10T13:50:11","slug":"1469","status":"publish","type":"product","link":"https:\/\/kad.al\/index.php\/product\/1469\/","title":{"rendered":""},"content":{"rendered":"","protected":false},"excerpt":{"rendered":"<p><strong>REFRENET E TRAZUEME<\/strong><\/p>\n<p><b><i>Jozef Radi<\/i><\/b><\/p>\n<p>ISBN 978-9928-317-65-0<\/p>\n<p>\u00c7mimi 1500 Lek\u00eb<\/p>\n<p>Faqe 474<\/p>\n<p>Libri p\u00ebrmban poezi nga Jozef Radi, t\u00eb shkruara nga viti 1980 deri n\u00eb 2020.<\/p>\n<p>&nbsp;<\/p>\n","protected":false},"featured_media":1470,"template":"","meta":[],"product_brand":[],"product_cat":[24],"product_tag":[],"class_list":{"0":"post-1469","1":"product","2":"type-product","3":"status-publish","4":"has-post-thumbnail","6":"product_cat-poezi","7":"description-off","9":"first","10":"instock","11":"shipping-taxable","12":"product-type-simple"},"_links":{"self":[{"href":"https:\/\/kad.al\/index.php\/wp-json\/wp\/v2\/product\/1469","targetHints":{"allow":["GET"]}}],"collection":[{"href":"https:\/\/kad.al\/index.php\/wp-json\/wp\/v2\/product"}],"about":[{"href":"https:\/\/kad.al\/index.php\/wp-json\/wp\/v2\/types\/product"}],"wp:featuredmedia":[{"embeddable":true,"href":"https:\/\/kad.al\/index.php\/wp-json\/wp\/v2\/media\/1470"}],"wp:attachment":[{"href":"https:\/\/kad.al\/index.php\/wp-json\/wp\/v2\/media?parent=1469"}],"wp:term":[{"taxonomy":"product_brand","embeddable":true,"href":"https:\/\/kad.al\/index.php\/wp-json\/wp\/v2\/product_brand?post=1469"},{"taxonomy":"product_cat","embeddable":true,"href":"https:\/\/kad.al\/index.php\/wp-json\/wp\/v2\/product_cat?post=1469"},{"taxonomy":"product_tag","embeddable":true,"href":"https:\/\/kad.al\/index.php\/wp-json\/wp\/v2\/product_tag?post=1469"}],"curies":[{"name":"wp","href":"https:\/\/api.w.org\/{rel}","templated":true}]}}