{"id":1439,"date":"2020-12-18T11:10:50","date_gmt":"2020-12-18T11:10:50","guid":{"rendered":"https:\/\/kad.al\/?post_type=product&#038;p=1439"},"modified":"2020-12-18T11:35:20","modified_gmt":"2020-12-18T11:35:20","slug":"1439","status":"publish","type":"product","link":"https:\/\/kad.al\/index.php\/product\/1439\/","title":{"rendered":""},"content":{"rendered":"","protected":false},"excerpt":{"rendered":"<p>MOTRA PREJ D\u00cbBORE<\/p>\n<p><strong><em>Maja Lunde<\/em><\/strong><\/p>\n<p>ISBN 978-9928-317-50-6<\/p>\n<p>\u00c7mimi 1000 Lek\u00eb \/ 8 \u20ac<\/p>\n<p style=\"text-align: left;\">Po afron Krishtlindja, e cila p\u00ebrkon me dit\u00eblindjen e Kristianit. Zakonisht kjo \u00ebsht\u00eb dita m\u00eb e bukur e vitit, kur pema e Krishtlindjes zbukurohet dhe qirinjt\u00eb jan\u00eb ndezur, ajri mbushet me arom\u00ebn e portokalleve dhe buk\u00ebs s\u00eb xhenxhefilit dhe zjarri k\u00ebrcet n\u00eb vat\u00ebr. Por k\u00ebt\u00eb vit asgj\u00eb nuk \u00ebsht\u00eb m\u00eb si m\u00eb par\u00eb. Kristiani dhe familja e tij jan\u00eb t\u00eb hidh\u00ebruar p\u00ebr humbjen e motr\u00ebs s\u00eb tyre t\u00eb madhe Juna, dhe ai mendon se ata nuk do ta festojn\u00eb Krishtlindjen k\u00ebt\u00eb vit. Por nj\u00eb dit\u00eb Kristiani takon Hedvig\u00ebn e g\u00ebzuar. Ajo i kujton atij sa e bukur mund t\u00eb jet\u00eb Krishtlindja dhe ai fillon t\u00eb besoj\u00eb se gjithsesi mund t\u00eb ket\u00eb Krishtlindje dhe p\u00ebr familjen e tij.\u00a0Por ka di\u00e7ka misterioze n\u00eb sht\u00ebpin\u00eb ku jeton Hedvig. Kush \u00ebsht\u00eb plaku i \u00e7uditsh\u00ebm q\u00eb vazhdon t\u00eb shfaqet? Dhe \u00e7far\u00eb fsheh n\u00eb vetvete Hedvig?<\/p>\n<p><strong>Ky lib\u00ebr shoq\u00ebrohet me ilustrime nga Lisa Aisato<\/strong><\/p>\n","protected":false},"featured_media":1440,"template":"","meta":[],"product_brand":[],"product_cat":[25],"product_tag":[],"class_list":{"0":"post-1439","1":"product","2":"type-product","3":"status-publish","4":"has-post-thumbnail","6":"product_cat-letersi-per-femije-dhe-te-rinj","7":"description-off","9":"first","10":"instock","11":"shipping-taxable","12":"product-type-simple"},"_links":{"self":[{"href":"https:\/\/kad.al\/index.php\/wp-json\/wp\/v2\/product\/1439","targetHints":{"allow":["GET"]}}],"collection":[{"href":"https:\/\/kad.al\/index.php\/wp-json\/wp\/v2\/product"}],"about":[{"href":"https:\/\/kad.al\/index.php\/wp-json\/wp\/v2\/types\/product"}],"wp:featuredmedia":[{"embeddable":true,"href":"https:\/\/kad.al\/index.php\/wp-json\/wp\/v2\/media\/1440"}],"wp:attachment":[{"href":"https:\/\/kad.al\/index.php\/wp-json\/wp\/v2\/media?parent=1439"}],"wp:term":[{"taxonomy":"product_brand","embeddable":true,"href":"https:\/\/kad.al\/index.php\/wp-json\/wp\/v2\/product_brand?post=1439"},{"taxonomy":"product_cat","embeddable":true,"href":"https:\/\/kad.al\/index.php\/wp-json\/wp\/v2\/product_cat?post=1439"},{"taxonomy":"product_tag","embeddable":true,"href":"https:\/\/kad.al\/index.php\/wp-json\/wp\/v2\/product_tag?post=1439"}],"curies":[{"name":"wp","href":"https:\/\/api.w.org\/{rel}","templated":true}]}}