{"id":1376,"date":"2020-11-06T14:27:16","date_gmt":"2020-11-06T14:27:16","guid":{"rendered":"https:\/\/kad.al\/?post_type=product&#038;p=1376"},"modified":"2025-07-05T08:15:54","modified_gmt":"2025-07-05T08:15:54","slug":"copy-2","status":"publish","type":"product","link":"https:\/\/kad.al\/index.php\/product\/copy-2\/","title":{"rendered":""},"content":{"rendered":"","protected":false},"excerpt":{"rendered":"<p><strong>FINAL WARNING: THE END IS NEAR<\/strong><\/p>\n<p><em><strong>Glen Fitzgerald<\/strong><\/em><\/p>\n<p>ISBN 978-9928-317-45-2<\/p>\n<p>\u00c7mimi 2000 Lek\u00eb<\/p>\n<p>Faqe 510<\/p>\n<p>Ky \u00ebsht\u00eb nj\u00eb lib\u00ebr voluminoz ku p\u00ebrshkruhen shqet\u00ebsimet e autorit mbi ngjarje globale, si ajo e pandemis\u00eb s\u00eb Covid 19.<br \/>\nAi shpreh mendimet e tij t\u00eb cilat jan\u00eb n\u00eb kund\u00ebrshtim me versionet zyrtare.<\/p>\n<p>&nbsp;<\/p>\n","protected":false},"featured_media":1377,"template":"","meta":[],"product_brand":[],"product_cat":[21],"product_tag":[],"class_list":{"0":"post-1376","1":"product","2":"type-product","3":"status-publish","4":"has-post-thumbnail","6":"product_cat-studime-shkencore-dhe-monografi","7":"description-off","9":"first","10":"instock","11":"shipping-taxable","12":"product-type-simple"},"_links":{"self":[{"href":"https:\/\/kad.al\/index.php\/wp-json\/wp\/v2\/product\/1376","targetHints":{"allow":["GET"]}}],"collection":[{"href":"https:\/\/kad.al\/index.php\/wp-json\/wp\/v2\/product"}],"about":[{"href":"https:\/\/kad.al\/index.php\/wp-json\/wp\/v2\/types\/product"}],"wp:featuredmedia":[{"embeddable":true,"href":"https:\/\/kad.al\/index.php\/wp-json\/wp\/v2\/media\/1377"}],"wp:attachment":[{"href":"https:\/\/kad.al\/index.php\/wp-json\/wp\/v2\/media?parent=1376"}],"wp:term":[{"taxonomy":"product_brand","embeddable":true,"href":"https:\/\/kad.al\/index.php\/wp-json\/wp\/v2\/product_brand?post=1376"},{"taxonomy":"product_cat","embeddable":true,"href":"https:\/\/kad.al\/index.php\/wp-json\/wp\/v2\/product_cat?post=1376"},{"taxonomy":"product_tag","embeddable":true,"href":"https:\/\/kad.al\/index.php\/wp-json\/wp\/v2\/product_tag?post=1376"}],"curies":[{"name":"wp","href":"https:\/\/api.w.org\/{rel}","templated":true}]}}