{"id":1342,"date":"2020-10-05T11:15:36","date_gmt":"2020-10-05T11:15:36","guid":{"rendered":"https:\/\/kad.al\/?post_type=product&#038;p=1342"},"modified":"2020-10-05T11:19:58","modified_gmt":"2020-10-05T11:19:58","slug":"1342","status":"publish","type":"product","link":"https:\/\/kad.al\/index.php\/product\/1342\/","title":{"rendered":""},"content":{"rendered":"","protected":false},"excerpt":{"rendered":"<p><b>MALLI P\u00cbR ULQININ N\u00cb K\u00cbNG\u00cb<\/b><\/p>\n<p><strong><i>Zyhni M. Beqiraj<\/i><\/strong><\/p>\n<p>ISBN 978-9928-189-06-4<\/p>\n<p>\u00c7mimi 1200 Lek\u00eb \/ 12 \u20ac<\/p>\n<p>Album letraro &#8211; muzkor.<\/p>\n<p>&nbsp;<\/p>\n","protected":false},"featured_media":1341,"template":"","meta":[],"product_brand":[],"product_cat":[26],"product_tag":[],"class_list":{"0":"post-1342","1":"product","2":"type-product","3":"status-publish","4":"has-post-thumbnail","6":"product_cat-fjalore-albume","7":"description-off","9":"first","10":"instock","11":"shipping-taxable","12":"product-type-simple"},"_links":{"self":[{"href":"https:\/\/kad.al\/index.php\/wp-json\/wp\/v2\/product\/1342","targetHints":{"allow":["GET"]}}],"collection":[{"href":"https:\/\/kad.al\/index.php\/wp-json\/wp\/v2\/product"}],"about":[{"href":"https:\/\/kad.al\/index.php\/wp-json\/wp\/v2\/types\/product"}],"wp:featuredmedia":[{"embeddable":true,"href":"https:\/\/kad.al\/index.php\/wp-json\/wp\/v2\/media\/1341"}],"wp:attachment":[{"href":"https:\/\/kad.al\/index.php\/wp-json\/wp\/v2\/media?parent=1342"}],"wp:term":[{"taxonomy":"product_brand","embeddable":true,"href":"https:\/\/kad.al\/index.php\/wp-json\/wp\/v2\/product_brand?post=1342"},{"taxonomy":"product_cat","embeddable":true,"href":"https:\/\/kad.al\/index.php\/wp-json\/wp\/v2\/product_cat?post=1342"},{"taxonomy":"product_tag","embeddable":true,"href":"https:\/\/kad.al\/index.php\/wp-json\/wp\/v2\/product_tag?post=1342"}],"curies":[{"name":"wp","href":"https:\/\/api.w.org\/{rel}","templated":true}]}}