{"id":177,"date":"2018-08-10T08:59:22","date_gmt":"2018-08-10T08:59:22","guid":{"rendered":"https:\/\/kad.al\/?page_id=177"},"modified":"2020-07-08T08:34:18","modified_gmt":"2020-07-08T08:34:18","slug":"botimet-tona","status":"publish","type":"page","link":"https:\/\/kad.al\/index.php\/botimet-tona\/","title":{"rendered":"Botimet Tona"},"content":{"rendered":"<div class=\"wpb-content-wrapper\"><p>[vc_row css=&#8221;.vc_custom_1594197236543{padding-bottom: 50px !important;}&#8221;][vc_column width=&#8221;1\/3&#8243;]<div class=\"ult-content-box-container \" >\t<a class=\"ult-content-box-anchor\" href=\"https:\/\/kad.al\/index.php\/product-category\/fjalore-albume\/\" >\t\t<div class=\"ult-content-box\" style=\"background-image:url(&#039;https:\/\/kad.al\/wp-content\/uploads\/2020\/07\/fjalor-1.png&#039;);background-size: cover;background-repeat: no-repeat;background-position: center center;background-color: rgba(0, 0, 0, 0);box-shadow: px px px px none;border-style:none;border-color:#ffffff;-webkit-transition: all 700ms ease;-moz-transition: all 700ms ease;-ms-transition: all 700ms ease;-o-transition: all 700ms ease;transition: all 700ms ease;\"  data-hover_box_shadow=\"none\"     data-border_color=\"#ffffff\" >[vc_empty_space height=&#8221;180px&#8221;][vc_empty_space height=&#8221;300px&#8221;][vc_column_text css=&#8221;.vc_custom_1594126905469{margin-top: 20px !important;padding-top: 10px !important;padding-bottom: 10px !important;padding-left: 10px !important;background-color: #dd3333 !important;}&#8221;]<\/p>\n<p style=\"text-align: left;\"><span style=\"color: #ffffff;\"><strong>Fjalor\u00eb, Albume<\/strong><\/span><\/p>\n<p>[\/vc_column_text]\t\t<\/div>\t<\/a><\/div>[\/vc_column][vc_column width=&#8221;2\/3&#8243;][vc_row_inner][vc_column_inner width=&#8221;1\/3&#8243;]<div class=\"ult-content-box-container \" >\t<a class=\"ult-content-box-anchor\" href=\"https:\/\/kad.al\/index.php\/product-category\/histori\/\" >\t\t<div class=\"ult-content-box\" style=\"background-image:url(&#039;https:\/\/kad.al\/wp-content\/uploads\/2020\/07\/histori.png&#039;);background-size: cover;background-repeat: repeat;background-position: center center;background-color: rgba(0, 0, 0, 0);box-shadow: px px px px none;-webkit-transition: all 700ms ease;-moz-transition: all 700ms ease;-ms-transition: all 700ms ease;-o-transition: all 700ms ease;transition: all 700ms ease;\"  data-hover_box_shadow=\"none\"    >[vc_empty_space height=&#8221;185px&#8221;][vc_column_text css=&#8221;.vc_custom_1594126924561{margin-top: 20px !important;padding-top: 10px !important;padding-bottom: 10px !important;padding-left: 10px !important;background-color: #dd3333 !important;}&#8221;]<\/p>\n<p style=\"text-align: left;\"><span style=\"color: #ffffff;\">Histori<\/span><\/p>\n<p>[\/vc_column_text]\t\t<\/div>\t<\/a><\/div>[\/vc_column_inner][vc_column_inner width=&#8221;1\/3&#8243;]<div class=\"ult-content-box-container \" >\t<a class=\"ult-content-box-anchor\" href=\"https:\/\/kad.al\/index.php\/product-category\/letersia-klasike\/\" >\t\t<div class=\"ult-content-box\" style=\"background-image:url(&#039;https:\/\/kad.al\/wp-content\/uploads\/2020\/07\/klasike.png&#039;);background-size: cover;background-repeat: repeat;background-position: center center;background-color: rgba(0, 0, 0, 0);box-shadow: px px px px none;-webkit-transition: all 700ms ease;-moz-transition: all 700ms ease;-ms-transition: all 700ms ease;-o-transition: all 700ms ease;transition: all 700ms ease;\"  data-hover_box_shadow=\"none\"    >[vc_empty_space height=&#8221;185px&#8221;][vc_column_text css=&#8221;.vc_custom_1594126995046{margin-top: 20px !important;padding-top: 10px !important;padding-bottom: 10px !important;padding-left: 10px !important;background-color: #dd3333 !important;}&#8221;]<\/p>\n<p style=\"text-align: left;\"><span style=\"color: #ffffff;\">Let\u00ebrsia klasike<\/span><\/p>\n<p>[\/vc_column_text]\t\t<\/div>\t<\/a><\/div>[\/vc_column_inner][vc_column_inner width=&#8221;1\/3&#8243;]<div class=\"ult-content-box-container \" >\t<a class=\"ult-content-box-anchor\" href=\"https:\/\/kad.al\/index.php\/product-category\/poezi\/\" >\t\t<div class=\"ult-content-box\" style=\"background-image:url(&#039;https:\/\/kad.al\/wp-content\/uploads\/2020\/07\/poezi.png&#039;);background-size: cover;background-repeat: repeat;background-position: center center;background-color: rgba(0, 0, 0, 0);box-shadow: px px px px none;-webkit-transition: all 700ms ease;-moz-transition: all 700ms ease;-ms-transition: all 700ms ease;-o-transition: all 700ms ease;transition: all 700ms ease;\"  data-hover_box_shadow=\"none\"    >[vc_empty_space height=&#8221;185px&#8221;][vc_column_text css=&#8221;.vc_custom_1594127029710{margin-top: 20px !important;padding-top: 10px !important;padding-bottom: 10px !important;padding-left: 10px !important;background-color: #dd3333 !important;}&#8221;]<\/p>\n<p style=\"text-align: left;\"><span style=\"color: #ffffff;\">Poezi<\/span><\/p>\n<p>[\/vc_column_text]\t\t<\/div>\t<\/a><\/div>[\/vc_column_inner][\/vc_row_inner][vc_row_inner css=&#8221;.vc_custom_1594125367088{padding-top: 10px !important;}&#8221;][vc_column_inner width=&#8221;1\/3&#8243;]<div class=\"ult-content-box-container \" >\t<a class=\"ult-content-box-anchor\" href=\"https:\/\/kad.al\/index.php\/product-category\/letersi-per-femije-dhe-te-rinj\/\" >\t\t<div class=\"ult-content-box\" style=\"background-image:url(&#039;https:\/\/kad.al\/wp-content\/uploads\/2020\/07\/per-femije.png&#039;);background-size: cover;background-repeat: repeat;background-position: center center;background-color: rgba(0, 0, 0, 0);box-shadow: px px px px none;-webkit-transition: all 700ms ease;-moz-transition: all 700ms ease;-ms-transition: all 700ms ease;-o-transition: all 700ms ease;transition: all 700ms ease;\"  data-hover_box_shadow=\"none\"    >[vc_empty_space height=&#8221;185px&#8221;][vc_column_text css=&#8221;.vc_custom_1594127084758{margin-top: 20px !important;padding-top: 10px !important;padding-bottom: 10px !important;padding-left: 10px !important;background-color: #dd3333 !important;}&#8221;]<\/p>\n<p style=\"text-align: left;\"><span style=\"color: #ffffff;\">Let\u00ebrsi p\u00ebr f\u00ebmij\u00eb dhe t\u00eb rinj<\/span><\/p>\n<p>[\/vc_column_text]\t\t<\/div>\t<\/a><\/div>[\/vc_column_inner][vc_column_inner width=&#8221;1\/3&#8243;]<div class=\"ult-content-box-container \" >\t<a class=\"ult-content-box-anchor\" href=\"https:\/\/kad.al\/index.php\/product-category\/romane-tregime-novela\/\" >\t\t<div class=\"ult-content-box\" style=\"background-image:url(&#039;https:\/\/kad.al\/wp-content\/uploads\/2020\/07\/romane.png&#039;);background-size: cover;background-repeat: repeat;background-position: center center;background-color: rgba(0, 0, 0, 0);box-shadow: px px px px none;-webkit-transition: all 700ms ease;-moz-transition: all 700ms ease;-ms-transition: all 700ms ease;-o-transition: all 700ms ease;transition: all 700ms ease;\"  data-hover_box_shadow=\"none\"    >[vc_empty_space height=&#8221;185px&#8221;][vc_column_text css=&#8221;.vc_custom_1594127141962{margin-top: 20px !important;padding-top: 10px !important;padding-bottom: 10px !important;padding-left: 10px !important;background-color: #dd3333 !important;}&#8221;]<\/p>\n<p style=\"text-align: left;\"><span style=\"color: #ffffff;\">Romane, Tregime, Novela<\/span><\/p>\n<p>[\/vc_column_text]\t\t<\/div>\t<\/a><\/div>[\/vc_column_inner][vc_column_inner width=&#8221;1\/3&#8243;]<div class=\"ult-content-box-container \" >\t<a class=\"ult-content-box-anchor\" href=\"https:\/\/kad.al\/index.php\/product-category\/studime-shkencore-dhe-monografi\/\" >\t\t<div class=\"ult-content-box\" style=\"background-image:url(&#039;https:\/\/kad.al\/wp-content\/uploads\/2020\/07\/studime.png&#039;);background-size: cover;background-repeat: repeat;background-position: center center;background-color: rgba(0, 0, 0, 0);box-shadow: px px px px none;-webkit-transition: all 700ms ease;-moz-transition: all 700ms ease;-ms-transition: all 700ms ease;-o-transition: all 700ms ease;transition: all 700ms ease;\"  data-hover_box_shadow=\"none\"    >[vc_empty_space height=&#8221;185px&#8221;][vc_column_text css=&#8221;.vc_custom_1594127209520{margin-top: 20px !important;padding-top: 10px !important;padding-bottom: 10px !important;padding-left: 10px !important;background-color: #dd3333 !important;}&#8221;]<\/p>\n<p style=\"text-align: left;\"><span style=\"color: #ffffff;\">Studime shkencore &amp; Monografi<\/span><\/p>\n<p>[\/vc_column_text]\t\t<\/div>\t<\/a><\/div>[\/vc_column_inner][\/vc_row_inner][\/vc_column][\/vc_row][vc_row bg_type=&#8221;image&#8221; parallax_style=&#8221;vcpb-default&#8221; bg_image_new=&#8221;id^603|url^https:\/\/kad.al\/wp-content\/uploads\/2020\/07\/FOOTER-BANNER.jpg|caption^null|alt^null|title^FOOTER-BANNER|description^null&#8221; bg_image_repeat=&#8221;no-repeat&#8221; bg_img_attach=&#8221;fixed&#8221; bg_override=&#8221;ex-full&#8221;][vc_column css=&#8221;.vc_custom_1594128828398{padding-top: 80px !important;padding-bottom: 100px !important;}&#8221;][vc_custom_heading text=&#8221;KONTAKT&#8221; font_container=&#8221;tag:h2|font_size:30px|text_align:center|color:%23494949|line_height:30px&#8221; google_fonts=&#8221;font_family:Montserrat%3Aregular%2C700|font_style:700%20bold%20regular%3A700%3Anormal&#8221;][vc_separator color=&#8221;custom&#8221; border_width=&#8221;3&#8243; el_width=&#8221;10&#8243; accent_color=&#8221;#ed2024&#8243;][vc_column_text]<\/p>\n<h4 style=\"text-align: center;\">Per me shume informacione mos hezitoni te na kontaktoni<\/h4>\n<p>[\/vc_column_text][vc_btn title=&#8221;NA KONTAKTONI&#8221; style=&#8221;custom&#8221; custom_background=&#8221;#ed2024&#8243; custom_text=&#8221;#ffffff&#8221; shape=&#8221;square&#8221; align=&#8221;center&#8221; link=&#8221;url:https%3A%2F%2Fkad.al%2Findex.php%2Fkontakt%2F|||&#8221;][\/vc_column][\/vc_row]<\/p>\n<\/div>","protected":false},"excerpt":{"rendered":"<p>[vc_row css=&#8221;.vc_custom_1594197236543{padding-bottom: 50px !important;}&#8221;][vc_column width=&#8221;1\/3&#8243;][\/vc_column][vc_column width=&#8221;2\/3&#8243;][vc_row_inner][vc_column_inner width=&#8221;1\/3&#8243;][\/vc_column_inner][vc_column_inner width=&#8221;1\/3&#8243;][\/vc_column_inner][vc_column_inner width=&#8221;1\/3&#8243;][\/vc_column_inner][\/vc_row_inner][vc_row_inner css=&#8221;.vc_custom_1594125367088{padding-top: 10px !important;}&#8221;][vc_column_inner width=&#8221;1\/3&#8243;][\/vc_column_inner][vc_column_inner width=&#8221;1\/3&#8243;][\/vc_column_inner][vc_column_inner width=&#8221;1\/3&#8243;][\/vc_column_inner][\/vc_row_inner][\/vc_column][\/vc_row][vc_row bg_type=&#8221;image&#8221; parallax_style=&#8221;vcpb-default&#8221; bg_image_new=&#8221;id^603|url^https:\/\/kad.al\/wp-content\/uploads\/2020\/07\/FOOTER-BANNER.jpg|caption^null|alt^null|title^FOOTER-BANNER|description^null&#8221; bg_image_repeat=&#8221;no-repeat&#8221; bg_img_attach=&#8221;fixed&#8221; bg_override=&#8221;ex-full&#8221;][vc_column css=&#8221;.vc_custom_1594128828398{padding-top: 80px !important;padding-bottom: 100px !important;}&#8221;][vc_custom_heading text=&#8221;KONTAKT&#8221; font_container=&#8221;tag:h2|font_size:30px|text_align:center|color:%23494949|line_height:30px&#8221; google_fonts=&#8221;font_family:Montserrat%3Aregular%2C700|font_style:700%20bold%20regular%3A700%3Anormal&#8221;][vc_separator color=&#8221;custom&#8221; border_width=&#8221;3&#8243; el_width=&#8221;10&#8243; accent_color=&#8221;#ed2024&#8243;][vc_column_text] Per me shume informacione mos hezitoni te na kontaktoni [\/vc_column_text][vc_btn title=&#8221;NA KONTAKTONI&#8221; style=&#8221;custom&#8221; custom_background=&#8221;#ed2024&#8243; custom_text=&#8221;#ffffff&#8221; shape=&#8221;square&#8221; align=&#8221;center&#8221; link=&#8221;url:https%3A%2F%2Fkad.al%2Findex.php%2Fkontakt%2F|||&#8221;][\/vc_column][\/vc_row]<\/p>\n","protected":false},"author":3,"featured_media":0,"parent":0,"menu_order":0,"comment_status":"closed","ping_status":"closed","template":"","meta":{"footnotes":""},"class_list":["post-177","page","type-page","status-publish","hentry","description-off"],"_links":{"self":[{"href":"https:\/\/kad.al\/index.php\/wp-json\/wp\/v2\/pages\/177","targetHints":{"allow":["GET"]}}],"collection":[{"href":"https:\/\/kad.al\/index.php\/wp-json\/wp\/v2\/pages"}],"about":[{"href":"https:\/\/kad.al\/index.php\/wp-json\/wp\/v2\/types\/page"}],"author":[{"embeddable":true,"href":"https:\/\/kad.al\/index.php\/wp-json\/wp\/v2\/users\/3"}],"replies":[{"embeddable":true,"href":"https:\/\/kad.al\/index.php\/wp-json\/wp\/v2\/comments?post=177"}],"version-history":[{"count":32,"href":"https:\/\/kad.al\/index.php\/wp-json\/wp\/v2\/pages\/177\/revisions"}],"predecessor-version":[{"id":724,"href":"https:\/\/kad.al\/index.php\/wp-json\/wp\/v2\/pages\/177\/revisions\/724"}],"wp:attachment":[{"href":"https:\/\/kad.al\/index.php\/wp-json\/wp\/v2\/media?parent=177"}],"curies":[{"name":"wp","href":"https:\/\/api.w.org\/{rel}","templated":true}]}}